{"id":1039,"date":"2024-12-09T14:57:32","date_gmt":"2024-12-09T12:57:32","guid":{"rendered":"https:\/\/kielinivel.tnk.fi\/?page_id=1039"},"modified":"2025-01-19T13:23:24","modified_gmt":"2025-01-19T11:23:24","slug":"si-ti-lexojme-tekstet-matematikore-1","status":"publish","type":"page","link":"https:\/\/kielinivel.tnk.fi\/?page_id=1039","title":{"rendered":"Si ti lexojm\u00eb tekstet matematikore &#8211; 1"},"content":{"rendered":"\n<figure class=\"wp-block-audio\"><audio controls src=\"https:\/\/kielinivel.tnk.fi\/wp-content\/uploads\/2025\/01\/Matematiikka_Albania_1.mp3\"><\/audio><\/figure>\n\n\n\n<p>Titulli p\u00ebrgjith\u00ebsisht\u00eb tregon baz\u00ebn e t\u00eb kuptuarit pra n\u00eb m\u00ebnyr\u00eb t\u00eb gj\u00ebr\u00eb, t\u00eb cilit i p\u00ebrkasin n\u00ebntitujt tjer\u00eb. Titulli mund\u00eb edhe t\u00eb <strong>shkurtohet<\/strong> duke u bazuar n\u00eb aspektet kryesore.<\/p>\n\n\n\n<p><\/p>\n\n\n\n<p><\/p>\n\n\n\n<div class=\"wp-block-buttons is-layout-flex wp-block-buttons-is-layout-flex\">\n<div class=\"wp-block-button\"><a class=\"wp-block-button__link wp-element-button\" href=\"https:\/\/kielinivel.tnk.fi\/?page_id=161\"><strong>\u276e\u276e&nbsp;TAKAISIN TEKSTIIN<\/strong><\/a><\/div>\n<\/div>\n\n\n\n<p><\/p>\n","protected":false},"excerpt":{"rendered":"<p>Titulli p\u00ebrgjith\u00ebsisht\u00eb tregon baz\u00ebn e t\u00eb kuptuarit pra n\u00eb m\u00ebnyr\u00eb t\u00eb gj\u00ebr\u00eb, t\u00eb cilit i p\u00ebrkasin n\u00ebntitujt tjer\u00eb. Titulli mund\u00eb edhe t\u00eb shkurtohet duke u bazuar n\u00eb aspektet kryesore.<\/p>\n","protected":false},"author":2,"featured_media":0,"parent":161,"menu_order":0,"comment_status":"closed","ping_status":"closed","template":"","meta":{"footnotes":""},"class_list":["post-1039","page","type-page","status-publish","hentry"],"_links":{"self":[{"href":"https:\/\/kielinivel.tnk.fi\/index.php?rest_route=\/wp\/v2\/pages\/1039","targetHints":{"allow":["GET"]}}],"collection":[{"href":"https:\/\/kielinivel.tnk.fi\/index.php?rest_route=\/wp\/v2\/pages"}],"about":[{"href":"https:\/\/kielinivel.tnk.fi\/index.php?rest_route=\/wp\/v2\/types\/page"}],"author":[{"embeddable":true,"href":"https:\/\/kielinivel.tnk.fi\/index.php?rest_route=\/wp\/v2\/users\/2"}],"replies":[{"embeddable":true,"href":"https:\/\/kielinivel.tnk.fi\/index.php?rest_route=%2Fwp%2Fv2%2Fcomments&post=1039"}],"version-history":[{"count":4,"href":"https:\/\/kielinivel.tnk.fi\/index.php?rest_route=\/wp\/v2\/pages\/1039\/revisions"}],"predecessor-version":[{"id":3635,"href":"https:\/\/kielinivel.tnk.fi\/index.php?rest_route=\/wp\/v2\/pages\/1039\/revisions\/3635"}],"up":[{"embeddable":true,"href":"https:\/\/kielinivel.tnk.fi\/index.php?rest_route=\/wp\/v2\/pages\/161"}],"wp:attachment":[{"href":"https:\/\/kielinivel.tnk.fi\/index.php?rest_route=%2Fwp%2Fv2%2Fmedia&parent=1039"}],"curies":[{"name":"wp","href":"https:\/\/api.w.org\/{rel}","templated":true}]}}