{"id":1041,"date":"2024-12-09T14:58:04","date_gmt":"2024-12-09T12:58:04","guid":{"rendered":"https:\/\/kielinivel.tnk.fi\/?page_id=1041"},"modified":"2025-01-19T13:23:42","modified_gmt":"2025-01-19T11:23:42","slug":"si-ti-lexojme-tekstet-matematikore-2","status":"publish","type":"page","link":"https:\/\/kielinivel.tnk.fi\/?page_id=1041","title":{"rendered":"Si ti lexojm\u00eb tekstet matematikore &#8211; 2"},"content":{"rendered":"\n<p>N\u00eb tekst <strong>aspektet tjera t\u00eb r\u00ebnd\u00ebsishme jan\u00eb me ngjyr\u00eb m\u00eb t\u00eb theksuar<\/strong> apo mund\u00eb t\u00eb ndryshojn\u00eb n\u00eb forma t\u00eb ndryshme.<\/p>\n\n\n\n<figure class=\"wp-block-audio\"><audio controls src=\"https:\/\/kielinivel.tnk.fi\/wp-content\/uploads\/2025\/01\/Matematiikka_Albania_2.mp3\"><\/audio><\/figure>\n\n\n\n<p><\/p>\n\n\n\n<p><\/p>\n\n\n\n<p><\/p>\n\n\n\n<div class=\"wp-block-buttons is-layout-flex wp-block-buttons-is-layout-flex\">\n<div class=\"wp-block-button\"><a class=\"wp-block-button__link wp-element-button\" href=\"https:\/\/kielinivel.tnk.fi\/?page_id=161\"><strong>\u276e\u276e&nbsp;TAKAISIN TEKSTIIN<\/strong><\/a><\/div>\n<\/div>\n\n\n\n<p><\/p>\n","protected":false},"excerpt":{"rendered":"<p>N\u00eb tekst aspektet tjera t\u00eb r\u00ebnd\u00ebsishme jan\u00eb me ngjyr\u00eb m\u00eb t\u00eb theksuar apo mund\u00eb t\u00eb ndryshojn\u00eb n\u00eb forma t\u00eb ndryshme.<\/p>\n","protected":false},"author":2,"featured_media":0,"parent":161,"menu_order":0,"comment_status":"closed","ping_status":"closed","template":"","meta":{"footnotes":""},"class_list":["post-1041","page","type-page","status-publish","hentry"],"_links":{"self":[{"href":"https:\/\/kielinivel.tnk.fi\/index.php?rest_route=\/wp\/v2\/pages\/1041","targetHints":{"allow":["GET"]}}],"collection":[{"href":"https:\/\/kielinivel.tnk.fi\/index.php?rest_route=\/wp\/v2\/pages"}],"about":[{"href":"https:\/\/kielinivel.tnk.fi\/index.php?rest_route=\/wp\/v2\/types\/page"}],"author":[{"embeddable":true,"href":"https:\/\/kielinivel.tnk.fi\/index.php?rest_route=\/wp\/v2\/users\/2"}],"replies":[{"embeddable":true,"href":"https:\/\/kielinivel.tnk.fi\/index.php?rest_route=%2Fwp%2Fv2%2Fcomments&post=1041"}],"version-history":[{"count":5,"href":"https:\/\/kielinivel.tnk.fi\/index.php?rest_route=\/wp\/v2\/pages\/1041\/revisions"}],"predecessor-version":[{"id":3636,"href":"https:\/\/kielinivel.tnk.fi\/index.php?rest_route=\/wp\/v2\/pages\/1041\/revisions\/3636"}],"up":[{"embeddable":true,"href":"https:\/\/kielinivel.tnk.fi\/index.php?rest_route=\/wp\/v2\/pages\/161"}],"wp:attachment":[{"href":"https:\/\/kielinivel.tnk.fi\/index.php?rest_route=%2Fwp%2Fv2%2Fmedia&parent=1041"}],"curies":[{"name":"wp","href":"https:\/\/api.w.org\/{rel}","templated":true}]}}