{"id":1057,"date":"2024-12-09T15:04:24","date_gmt":"2024-12-09T13:04:24","guid":{"rendered":"https:\/\/kielinivel.tnk.fi\/?page_id=1057"},"modified":"2024-12-27T15:59:27","modified_gmt":"2024-12-27T13:59:27","slug":"si-te-mesojme-matematike-ne-shtepi-ja-nje-shembull","status":"publish","type":"page","link":"https:\/\/kielinivel.tnk.fi\/?page_id=1057","title":{"rendered":"Si t\u00eb m\u00ebsojm\u00eb matematik\u00eb n\u00eb sht\u00ebpi? Ja nj\u00eb shembull"},"content":{"rendered":"\n<ol class=\"wp-block-list\">\n<li>Studioni titullin. \u00c7far\u00eb di ti rreth k\u00ebsaj\u00eb detyre tashm\u00eb?<\/li>\n\n\n\n<li>&nbsp;Lexoni tekstin e m\u00ebsimit n\u00eb lib\u00ebr. Gjeni rregulla llogaritjeje q\u00eb duhen m\u00ebsuar. Si lidhen rregullat e llogaritjes me nj\u00ebra-tjetr\u00ebn dhe me gj\u00ebrat e m\u00ebsuara m\u00eb par\u00eb?<\/li>\n\n\n\n<li>Trego me fjal\u00ebt tuaja, \u00e7far\u00eb n\u00ebnkuptojn\u00eb elementet apo koncepti&nbsp; brenda detyr\u00ebs, pra p\u00ebrkufizoj ato<em>.<\/em><\/li>\n\n\n\n<li>Jep\u00eb shembuj rreth k\u00ebtyre \u00e7\u00eb<em>shtjeve-koncepteve p\u00ebr secil\u00ebn detyr\u00eb.<\/em><\/li>\n\n\n\n<li>.Si mund\u00eb ti grupojm\u00eb konceptet m\u00eb t\u00eb r\u00ebnd\u00ebsishme brenda detyr\u00ebs? Krijo konceptet, k\u00ebrko proceset kryesore dhe dyt\u00ebsore, Vizato harta konceptuale, tabela dhe vizatime tjera.<\/li>\n\n\n\n<li>Lexo shembuj me detyra dhe zgjidhjet e tyre. Shpjegoja vetes si mund t\u00eb arrim\u00eb deri te zgjidhja.<\/li>\n\n\n\n<li>Shenjoi \u00e7\u00eb<em>shtjet apo fjal\u00ebt, t\u00eb cilat nuk i kupton.<\/em><\/li>\n\n\n\n<li><em>&nbsp;Pyete m\u00ebsuesin n\u00eb or\u00ebn e ardh\u00ebshme.<\/em><\/li>\n\n\n\n<li>&nbsp;Kryej detyrat e sht\u00ebpis\u00eb. P\u00ebrdor shembuj t\u00eb detyrave t\u00eb zgjedhura me rezultat. Vizato dhe shkruaj p\u00ebr t\u00eb kuptuar.<\/li>\n\n\n\n<li>Kur\u00eb ti kontrollojm\u00eb detyrat, nd\u00ebgjo me kujdes\u00eb, si duhet ti zgjedhur ato.<\/li>\n<\/ol>\n\n\n\n<p><\/p>\n\n\n\n<p><\/p>\n\n\n\n<div class=\"wp-block-buttons is-layout-flex wp-block-buttons-is-layout-flex\">\n<div class=\"wp-block-button\"><a class=\"wp-block-button__link wp-element-button\" href=\"https:\/\/kielinivel.tnk.fi\/?page_id=161\"><strong>\u276e\u276e&nbsp;TAKAISIN TEKSTIIN<\/strong><\/a><\/div>\n<\/div>\n\n\n\n<p><\/p>\n","protected":false},"excerpt":{"rendered":"","protected":false},"author":2,"featured_media":0,"parent":161,"menu_order":12,"comment_status":"closed","ping_status":"closed","template":"","meta":{"footnotes":""},"class_list":["post-1057","page","type-page","status-publish","hentry"],"_links":{"self":[{"href":"https:\/\/kielinivel.tnk.fi\/index.php?rest_route=\/wp\/v2\/pages\/1057","targetHints":{"allow":["GET"]}}],"collection":[{"href":"https:\/\/kielinivel.tnk.fi\/index.php?rest_route=\/wp\/v2\/pages"}],"about":[{"href":"https:\/\/kielinivel.tnk.fi\/index.php?rest_route=\/wp\/v2\/types\/page"}],"author":[{"embeddable":true,"href":"https:\/\/kielinivel.tnk.fi\/index.php?rest_route=\/wp\/v2\/users\/2"}],"replies":[{"embeddable":true,"href":"https:\/\/kielinivel.tnk.fi\/index.php?rest_route=%2Fwp%2Fv2%2Fcomments&post=1057"}],"version-history":[{"count":2,"href":"https:\/\/kielinivel.tnk.fi\/index.php?rest_route=\/wp\/v2\/pages\/1057\/revisions"}],"predecessor-version":[{"id":1071,"href":"https:\/\/kielinivel.tnk.fi\/index.php?rest_route=\/wp\/v2\/pages\/1057\/revisions\/1071"}],"up":[{"embeddable":true,"href":"https:\/\/kielinivel.tnk.fi\/index.php?rest_route=\/wp\/v2\/pages\/161"}],"wp:attachment":[{"href":"https:\/\/kielinivel.tnk.fi\/index.php?rest_route=%2Fwp%2Fv2%2Fmedia&parent=1057"}],"curies":[{"name":"wp","href":"https:\/\/api.w.org\/{rel}","templated":true}]}}