{"id":1082,"date":"2024-12-09T15:48:31","date_gmt":"2024-12-09T13:48:31","guid":{"rendered":"https:\/\/kielinivel.tnk.fi\/?page_id=1082"},"modified":"2025-01-19T13:25:37","modified_gmt":"2025-01-19T11:25:37","slug":"si-ti-lexojme-tekstet-matematikore-7","status":"publish","type":"page","link":"https:\/\/kielinivel.tnk.fi\/?page_id=1082","title":{"rendered":"Si ti lexojm\u00eb tekstet matematikore &#8211; 7"},"content":{"rendered":"\n<figure class=\"wp-block-audio\"><audio controls src=\"https:\/\/kielinivel.tnk.fi\/wp-content\/uploads\/2025\/01\/Matematiikka_Albania_7.mp3\"><\/audio><\/figure>\n\n\n\n<p>Detyrat me shkrim nga matematika do ti zgjedhim n\u00eb baz\u00eb t\u00eb <strong>shembullit paraprak<\/strong>. Sa m\u00eb shum\u00eb t\u00eb&nbsp; ushtrosh detyra, aq m\u00eb leht\u00eb do t\u00eb gjesh\u00eb rezultatin.<\/p>\n\n\n\n<p><\/p>\n\n\n\n<div class=\"wp-block-buttons is-layout-flex wp-block-buttons-is-layout-flex\">\n<div class=\"wp-block-button\"><a class=\"wp-block-button__link wp-element-button\" href=\"https:\/\/kielinivel.tnk.fi\/?page_id=161\"><strong>\u276e\u276e&nbsp;TAKAISIN TEKSTIIN<\/strong><\/a><\/div>\n<\/div>\n\n\n\n<p><\/p>\n","protected":false},"excerpt":{"rendered":"<p>Detyrat me shkrim nga matematika do ti zgjedhim n\u00eb baz\u00eb t\u00eb shembullit paraprak. Sa m\u00eb shum\u00eb t\u00eb&nbsp; ushtrosh detyra, aq m\u00eb leht\u00eb do t\u00eb gjesh\u00eb rezultatin.<\/p>\n","protected":false},"author":2,"featured_media":0,"parent":161,"menu_order":0,"comment_status":"closed","ping_status":"closed","template":"","meta":{"footnotes":""},"class_list":["post-1082","page","type-page","status-publish","hentry"],"_links":{"self":[{"href":"https:\/\/kielinivel.tnk.fi\/index.php?rest_route=\/wp\/v2\/pages\/1082","targetHints":{"allow":["GET"]}}],"collection":[{"href":"https:\/\/kielinivel.tnk.fi\/index.php?rest_route=\/wp\/v2\/pages"}],"about":[{"href":"https:\/\/kielinivel.tnk.fi\/index.php?rest_route=\/wp\/v2\/types\/page"}],"author":[{"embeddable":true,"href":"https:\/\/kielinivel.tnk.fi\/index.php?rest_route=\/wp\/v2\/users\/2"}],"replies":[{"embeddable":true,"href":"https:\/\/kielinivel.tnk.fi\/index.php?rest_route=%2Fwp%2Fv2%2Fcomments&post=1082"}],"version-history":[{"count":3,"href":"https:\/\/kielinivel.tnk.fi\/index.php?rest_route=\/wp\/v2\/pages\/1082\/revisions"}],"predecessor-version":[{"id":3641,"href":"https:\/\/kielinivel.tnk.fi\/index.php?rest_route=\/wp\/v2\/pages\/1082\/revisions\/3641"}],"up":[{"embeddable":true,"href":"https:\/\/kielinivel.tnk.fi\/index.php?rest_route=\/wp\/v2\/pages\/161"}],"wp:attachment":[{"href":"https:\/\/kielinivel.tnk.fi\/index.php?rest_route=%2Fwp%2Fv2%2Fmedia&parent=1082"}],"curies":[{"name":"wp","href":"https:\/\/api.w.org\/{rel}","templated":true}]}}