{"id":1132,"date":"2024-12-10T10:57:39","date_gmt":"2024-12-10T08:57:39","guid":{"rendered":"https:\/\/kielinivel.tnk.fi\/?page_id=1132"},"modified":"2024-12-13T14:22:03","modified_gmt":"2024-12-13T12:22:03","slug":"detyrat-2","status":"publish","type":"page","link":"https:\/\/kielinivel.tnk.fi\/?page_id=1132","title":{"rendered":"Detyrat"},"content":{"rendered":"\n<ol class=\"wp-block-list\">\n<li>\u00c7far\u00eb lloj instrumentesh mat\u00ebse nevojiten kur vendosim rrotulla-petulla?<br> <\/li>\n\n\n\n<li>Cilat ushqime n\u00eb receta ruhen n\u00eb frigorifer? P\u00ebrdorni arsyetimin dhe p\u00ebrvojat tuaja p\u00ebr ushqimet t\u00eb cilat prishen leht\u00ebsisht.<br> <\/li>\n\n\n\n<li>Cil\u00ebt p\u00ebrb\u00ebr\u00ebs t\u00eb recet\u00ebs ushqimore jan\u00eb t\u00eb panjohur p\u00ebr ju? Tento ti kuptosh ato.<br> <\/li>\n\n\n\n<li>Cilat metoda gatimi jan\u00eb t\u00eb reja p\u00ebr ju? Zbulo se \u00e7far\u00eb do t\u00eb thon\u00eb. Shih modelin e b\u00ebrjes s\u00eb gatimit n\u00eb fotografi, video ose nga ndonj\u00eb &nbsp;person tjet\u00ebr.<br> <\/li>\n\n\n\n<li>Cilat &nbsp;rregulla&nbsp; mund ti b\u00ebje p\u00ebr t\u00eb rregulluar rrobat e pista?<\/li>\n<\/ol>\n\n\n\n<p><\/p>\n\n\n\n<p><\/p>\n\n\n\n<div class=\"wp-block-buttons is-layout-flex wp-block-buttons-is-layout-flex\">\n<div class=\"wp-block-button\"><a class=\"wp-block-button__link wp-element-button\" href=\"https:\/\/kielinivel.tnk.fi\/?page_id=202\"><strong>\u276e\u276e&nbsp;TAKAISIN TEKSTIIN<\/strong><\/a><\/div>\n<\/div>\n\n\n\n<p><\/p>\n","protected":false},"excerpt":{"rendered":"","protected":false},"author":2,"featured_media":0,"parent":202,"menu_order":11,"comment_status":"closed","ping_status":"closed","template":"","meta":{"footnotes":""},"class_list":["post-1132","page","type-page","status-publish","hentry"],"_links":{"self":[{"href":"https:\/\/kielinivel.tnk.fi\/index.php?rest_route=\/wp\/v2\/pages\/1132","targetHints":{"allow":["GET"]}}],"collection":[{"href":"https:\/\/kielinivel.tnk.fi\/index.php?rest_route=\/wp\/v2\/pages"}],"about":[{"href":"https:\/\/kielinivel.tnk.fi\/index.php?rest_route=\/wp\/v2\/types\/page"}],"author":[{"embeddable":true,"href":"https:\/\/kielinivel.tnk.fi\/index.php?rest_route=\/wp\/v2\/users\/2"}],"replies":[{"embeddable":true,"href":"https:\/\/kielinivel.tnk.fi\/index.php?rest_route=%2Fwp%2Fv2%2Fcomments&post=1132"}],"version-history":[{"count":2,"href":"https:\/\/kielinivel.tnk.fi\/index.php?rest_route=\/wp\/v2\/pages\/1132\/revisions"}],"predecessor-version":[{"id":1151,"href":"https:\/\/kielinivel.tnk.fi\/index.php?rest_route=\/wp\/v2\/pages\/1132\/revisions\/1151"}],"up":[{"embeddable":true,"href":"https:\/\/kielinivel.tnk.fi\/index.php?rest_route=\/wp\/v2\/pages\/202"}],"wp:attachment":[{"href":"https:\/\/kielinivel.tnk.fi\/index.php?rest_route=%2Fwp%2Fv2%2Fmedia&parent=1132"}],"curies":[{"name":"wp","href":"https:\/\/api.w.org\/{rel}","templated":true}]}}