{"id":1134,"date":"2024-12-10T10:58:31","date_gmt":"2024-12-10T08:58:31","guid":{"rendered":"https:\/\/kielinivel.tnk.fi\/?page_id=1134"},"modified":"2024-12-27T16:01:07","modified_gmt":"2024-12-27T14:01:07","slug":"si-te-pregaditemi-per-provim-nga-lenda-e-amvisnise","status":"publish","type":"page","link":"https:\/\/kielinivel.tnk.fi\/?page_id=1134","title":{"rendered":"Si t\u00eb pregaditemi p\u00ebr provim nga l\u00ebnda e amvisnis\u00eb?"},"content":{"rendered":"\n<ol class=\"wp-block-list\">\n<li>Fillo t\u00eb pregaditesh me koh\u00eb, disa dit\u00eb para provimit.<\/li>\n\n\n\n<li>Sigurohu, q\u00eb ti dish\u00eb shprehjet e reja dhe q\u00eb ti shpjegosh ato.<\/li>\n\n\n\n<li>Tem\u00ebn m\u00ebsimore, t\u00eb cil\u00ebn e lexoni tentoni ta kuptoni, se a lidhet me jet\u00ebn e p\u00ebrditshme dhe sa keni p\u00ebrvoj\u00eb rreth atyre <a>\u00e7\u00ebshtje<\/a>ve.<\/li>\n\n\n\n<li>&nbsp;Sigurohuni q\u00eb t\u00eb mund t\u00eb shpjegoni se si b\u00ebhen pun\u00ebt e ndryshme t\u00eb sht\u00ebpis\u00eb. N\u00ebse mundesh, b\u00ebj ushtrime n\u00eb sht\u00ebpi. Kujto se \u00e7far\u00eb dhe si \u00ebsht\u00eb b\u00ebr n\u00eb klas\u00eb.<\/li>\n\n\n\n<li>&nbsp;Sa m\u00eb shum\u00eb ta praktikoni leximin e recetave.N\u00ebse mundesh, b\u00ebj ushtrime n\u00eb sht\u00ebpi. Kujtoni se si gatuhej &nbsp;ushqimi gjat\u00eb or\u00ebs s\u00eb &nbsp;m\u00ebsimit.Kuptimi i fjal\u00ebve rikthehet n\u00eb mendje, kur ta kujtoni, se \u00e7far\u00eb m\u00ebsonim n\u00eb klas\u00eb kur ushqimi b\u00ebhej apo pregaditej p\u00ebr pjekje? Nga i gjenit udh\u00ebzimet e recetes s\u00eb ushqimit?<\/li>\n\n\n\n<li>Mitk\u00e4 asiat ja sanat pit\u00e4\u00e4 viel\u00e4 selvitt\u00e4\u00e4? Cilat \u00e7\u00ebshtje apo fjal\u00eb duhet ende p\u00ebr ti shqyrtuar?<\/li>\n<\/ol>\n\n\n\n<p><\/p>\n\n\n\n<p><\/p>\n\n\n\n<div class=\"wp-block-buttons is-layout-flex wp-block-buttons-is-layout-flex\">\n<div class=\"wp-block-button\"><a class=\"wp-block-button__link wp-element-button\" href=\"https:\/\/kielinivel.tnk.fi\/?page_id=202\"><strong>\u276e\u276e&nbsp;TAKAISIN TEKSTIIN<\/strong><\/a><\/div>\n<\/div>\n\n\n\n<p><\/p>\n","protected":false},"excerpt":{"rendered":"","protected":false},"author":2,"featured_media":0,"parent":202,"menu_order":12,"comment_status":"closed","ping_status":"closed","template":"","meta":{"footnotes":""},"class_list":["post-1134","page","type-page","status-publish","hentry"],"_links":{"self":[{"href":"https:\/\/kielinivel.tnk.fi\/index.php?rest_route=\/wp\/v2\/pages\/1134","targetHints":{"allow":["GET"]}}],"collection":[{"href":"https:\/\/kielinivel.tnk.fi\/index.php?rest_route=\/wp\/v2\/pages"}],"about":[{"href":"https:\/\/kielinivel.tnk.fi\/index.php?rest_route=\/wp\/v2\/types\/page"}],"author":[{"embeddable":true,"href":"https:\/\/kielinivel.tnk.fi\/index.php?rest_route=\/wp\/v2\/users\/2"}],"replies":[{"embeddable":true,"href":"https:\/\/kielinivel.tnk.fi\/index.php?rest_route=%2Fwp%2Fv2%2Fcomments&post=1134"}],"version-history":[{"count":2,"href":"https:\/\/kielinivel.tnk.fi\/index.php?rest_route=\/wp\/v2\/pages\/1134\/revisions"}],"predecessor-version":[{"id":1152,"href":"https:\/\/kielinivel.tnk.fi\/index.php?rest_route=\/wp\/v2\/pages\/1134\/revisions\/1152"}],"up":[{"embeddable":true,"href":"https:\/\/kielinivel.tnk.fi\/index.php?rest_route=\/wp\/v2\/pages\/202"}],"wp:attachment":[{"href":"https:\/\/kielinivel.tnk.fi\/index.php?rest_route=%2Fwp%2Fv2%2Fmedia&parent=1134"}],"curies":[{"name":"wp","href":"https:\/\/api.w.org\/{rel}","templated":true}]}}