{"id":1187,"date":"2024-12-10T12:07:15","date_gmt":"2024-12-10T10:07:15","guid":{"rendered":"https:\/\/kielinivel.tnk.fi\/?page_id=1187"},"modified":"2025-01-09T14:19:31","modified_gmt":"2025-01-09T12:19:31","slug":"si-ta-mesojme-gjuhen-dhe-letersine-finlandeze-dhe-gjuhen-finlandeze-s2-1","status":"publish","type":"page","link":"https:\/\/kielinivel.tnk.fi\/?page_id=1187","title":{"rendered":"Si ta m\u00ebsojm\u00eb gjuh\u00ebn dhe letersin\u00eb finlandeze dhe gjuh\u00ebn finlandeze-S2 (1)"},"content":{"rendered":"\n<figure class=\"wp-block-audio\"><audio controls src=\"https:\/\/kielinivel.tnk.fi\/wp-content\/uploads\/2025\/01\/Suomen-kieli_Albania_1-1.mp3\"><\/audio><\/figure>\n\n\n\n<p>Gjuh\u00ebn finlandeze e studiojn\u00eb n\u00eb t\u00eb gjitha l\u00ebnd\u00ebt m\u00ebsimore.N\u00eb t\u00eb gjitha l\u00ebnd\u00ebt m\u00ebsimore nx\u00ebn\u00ebsit m\u00ebsojn\u00eb m\u00ebnyra t\u00eb ndryshme p\u00ebr tu shprehur, t\u00eb cilat jan\u00eb tipike p\u00ebr l\u00ebnd\u00ebn.P\u00ebr shembull n\u00eb l\u00ebnd\u00ebn e biologjis\u00eb dhe kimis\u00eb m\u00ebsojm\u00eb p\u00ebr t\u00eb analizuar dhe p\u00ebr ta b\u00ebr\u00eb raportin, kurse n\u00eb l\u00ebnd\u00ebn e amvisnis\u00eb e m\u00ebsojm\u00eb p\u00ebr ta analizuar udh\u00ebzuesin ushqimor\u00eb. N\u00eb t\u00eb gjitha l\u00ebnd\u00ebt m\u00ebsimore kemi t\u00eb b\u00ebjm\u00eb me fjalorin e vet t\u00eb ve\u00e7ant\u00eb, i cili ndryshon nga fjalori i p\u00ebrditsh\u00ebm. P\u00ebr shembull, drita do t\u00eb thot\u00eb ndryshe n\u00eb jet\u00ebn e p\u00ebrditshme n\u00eb krahasim me l\u00ebnd\u00ebn e&nbsp; fizik\u00ebs. N\u00eb l\u00ebnd\u00ebt e ndryshme nx\u00ebn\u00ebsit apo student\u00ebt m\u00ebsojn\u00eb fjalorin dhe m\u00ebnyr\u00ebn e p\u00ebrbashk\u00ebt t\u00eb t\u00eb shprehurit thuajse &nbsp;p\u00ebr t\u00eb gjitha l\u00ebnd\u00ebt, t\u00eb ashtuquajturin fjalor t\u00eb fushave t\u00eb dijes, n\u00eb dallim me gjuh\u00ebn akademike, e cila i ka karakteristikat e veta, t\u00eb cilat dallojn\u00eb nga gjuha e p\u00ebrditshme. P\u00ebr shembull, &#8221;ajo q\u00eb i parapriu ngjarjeve dhe ajo q\u00eb \u00e7oi n\u00eb ngjarje&#8221; do t\u00eb shprehej n\u00eb gjuh\u00ebn e p\u00ebrditshme si &#8221;ajo q\u00eb ndodhi m\u00eb par\u00eb dhe \u00e7far\u00eb ndodhi m\u00eb pastaj.Gjuha akademike mbizotron n\u00eb t\u00eb gjitha l\u00ebnd\u00ebt m\u00ebsimore, sepse p\u00ebr te kemi nevoj\u00eb edhe m\u00eb von\u00eb, studimeve n\u00eb shkoll\u00ebn e mesme dhe univerzitet.<\/p>\n\n\n\n<p><\/p>\n\n\n\n<p><\/p>\n\n\n\n<div class=\"wp-block-buttons is-layout-flex wp-block-buttons-is-layout-flex\">\n<div class=\"wp-block-button\"><a class=\"wp-block-button__link wp-element-button\" href=\"https:\/\/kielinivel.tnk.fi\/?page_id=241\"><strong>\u276e\u276e&nbsp;TAKAISIN TEKSTIIN<\/strong><\/a><\/div>\n<\/div>\n\n\n\n<p><\/p>\n","protected":false},"excerpt":{"rendered":"<p>Gjuh\u00ebn finlandeze e studiojn\u00eb n\u00eb t\u00eb gjitha l\u00ebnd\u00ebt m\u00ebsimore.N\u00eb t\u00eb gjitha l\u00ebnd\u00ebt m\u00ebsimore nx\u00ebn\u00ebsit m\u00ebsojn\u00eb m\u00ebnyra t\u00eb ndryshme p\u00ebr tu shprehur, t\u00eb cilat jan\u00eb tipike p\u00ebr l\u00ebnd\u00ebn.P\u00ebr shembull n\u00eb l\u00ebnd\u00ebn e biologjis\u00eb dhe kimis\u00eb m\u00ebsojm\u00eb p\u00ebr t\u00eb analizuar dhe p\u00ebr ta b\u00ebr\u00eb raportin, kurse n\u00eb l\u00ebnd\u00ebn e amvisnis\u00eb e m\u00ebsojm\u00eb p\u00ebr ta analizuar udh\u00ebzuesin ushqimor\u00eb. [&hellip;]<\/p>\n","protected":false},"author":2,"featured_media":0,"parent":241,"menu_order":0,"comment_status":"closed","ping_status":"closed","template":"","meta":{"footnotes":""},"class_list":["post-1187","page","type-page","status-publish","hentry"],"_links":{"self":[{"href":"https:\/\/kielinivel.tnk.fi\/index.php?rest_route=\/wp\/v2\/pages\/1187","targetHints":{"allow":["GET"]}}],"collection":[{"href":"https:\/\/kielinivel.tnk.fi\/index.php?rest_route=\/wp\/v2\/pages"}],"about":[{"href":"https:\/\/kielinivel.tnk.fi\/index.php?rest_route=\/wp\/v2\/types\/page"}],"author":[{"embeddable":true,"href":"https:\/\/kielinivel.tnk.fi\/index.php?rest_route=\/wp\/v2\/users\/2"}],"replies":[{"embeddable":true,"href":"https:\/\/kielinivel.tnk.fi\/index.php?rest_route=%2Fwp%2Fv2%2Fcomments&post=1187"}],"version-history":[{"count":5,"href":"https:\/\/kielinivel.tnk.fi\/index.php?rest_route=\/wp\/v2\/pages\/1187\/revisions"}],"predecessor-version":[{"id":2763,"href":"https:\/\/kielinivel.tnk.fi\/index.php?rest_route=\/wp\/v2\/pages\/1187\/revisions\/2763"}],"up":[{"embeddable":true,"href":"https:\/\/kielinivel.tnk.fi\/index.php?rest_route=\/wp\/v2\/pages\/241"}],"wp:attachment":[{"href":"https:\/\/kielinivel.tnk.fi\/index.php?rest_route=%2Fwp%2Fv2%2Fmedia&parent=1187"}],"curies":[{"name":"wp","href":"https:\/\/api.w.org\/{rel}","templated":true}]}}