{"id":1191,"date":"2024-12-10T12:08:44","date_gmt":"2024-12-10T10:08:44","guid":{"rendered":"https:\/\/kielinivel.tnk.fi\/?page_id=1191"},"modified":"2025-01-09T14:17:59","modified_gmt":"2025-01-09T12:17:59","slug":"si-ta-mesojme-gjuhen-dhe-letersine-finlandeze-dhe-gjuhen-finlandeze-s2-3","status":"publish","type":"page","link":"https:\/\/kielinivel.tnk.fi\/?page_id=1191","title":{"rendered":"Si ta m\u00ebsojm\u00eb gjuh\u00ebn dhe letersin\u00eb finlandeze dhe gjuh\u00ebn finlandeze-S2 (3)"},"content":{"rendered":"\n<figure class=\"wp-block-audio\"><audio controls src=\"https:\/\/kielinivel.tnk.fi\/wp-content\/uploads\/2025\/01\/Suomen-kieli_Albania_3.mp3\"><\/audio><\/figure>\n\n\n\n<p>N\u00eb or\u00ebt m\u00ebsimore t\u00eb gjuh\u00ebs finlandeze-2- njoftohemi me tekste t\u00eb ndryshme, p.sh. lajmin, p\u00ebrb\u00ebrjen e ti n\u00eb t\u00eb lexuar dhe n\u00eb t\u00eb shkruar. S\u00eb pari lexojm\u00eb, pastaj hartohen tekste t\u00eb shkurta dhe t\u00eb gjata, p\u00ebr t\u00eb cilat tekste nx\u00ebn\u00ebsit sjellin shembuj dhe analiz\u00eb p\u00ebr ti shpjeguar ato. T\u00eb kuptuarit e tekstit, dhe sjellja n\u00eb pah\u00eb nga nx\u00ebn\u00ebsit, mvaret nga aspekti, se sa e njohin&nbsp; gjuh\u00ebn, dhe sa e kan diapazonin e t\u00eb shprehurit. N\u00eb fillim si ndihm\u00eb mund t\u00eb jen\u00eb fjal\u00eb n\u00eb form\u00eb shembujsh, si dhe ndryshimi n\u00eb t\u00eb shprehurit e fjal\u00ebve apo fjalive. Tekstet zb\u00ebrthehen n\u00eb pjes\u00eb t\u00eb shkurta n\u00eb baz\u00eb t\u00eb shkatht\u00ebsive q\u00eb i posedon nx\u00ebn\u00ebsi. Shprehjet dhe paraqitja e dukurive nga nx\u00ebn\u00ebsit ushtrohet, duke u bazuar n\u00eb tekste t\u00eb ndryshme. T\u00eb shkruarit dhe t\u00eb lexuarit m\u00ebsohet edhe duke dh\u00ebn\u00eb pyetje shtes\u00eb, apo shprehje nga fjalori i tem\u00ebs m\u00ebsimore.<\/p>\n\n\n\n<p><\/p>\n\n\n\n<p><\/p>\n\n\n\n<div class=\"wp-block-buttons is-layout-flex wp-block-buttons-is-layout-flex\">\n<div class=\"wp-block-button\"><a class=\"wp-block-button__link wp-element-button\" href=\"https:\/\/kielinivel.tnk.fi\/?page_id=241\"><strong>\u276e\u276e&nbsp;TAKAISIN TEKSTIIN<\/strong><\/a><\/div>\n<\/div>\n\n\n\n<p><\/p>\n","protected":false},"excerpt":{"rendered":"<p>N\u00eb or\u00ebt m\u00ebsimore t\u00eb gjuh\u00ebs finlandeze-2- njoftohemi me tekste t\u00eb ndryshme, p.sh. lajmin, p\u00ebrb\u00ebrjen e ti n\u00eb t\u00eb lexuar dhe n\u00eb t\u00eb shkruar. S\u00eb pari lexojm\u00eb, pastaj hartohen tekste t\u00eb shkurta dhe t\u00eb gjata, p\u00ebr t\u00eb cilat tekste nx\u00ebn\u00ebsit sjellin shembuj dhe analiz\u00eb p\u00ebr ti shpjeguar ato. T\u00eb kuptuarit e tekstit, dhe sjellja n\u00eb pah\u00eb [&hellip;]<\/p>\n","protected":false},"author":2,"featured_media":0,"parent":241,"menu_order":0,"comment_status":"closed","ping_status":"closed","template":"","meta":{"footnotes":""},"class_list":["post-1191","page","type-page","status-publish","hentry"],"_links":{"self":[{"href":"https:\/\/kielinivel.tnk.fi\/index.php?rest_route=\/wp\/v2\/pages\/1191","targetHints":{"allow":["GET"]}}],"collection":[{"href":"https:\/\/kielinivel.tnk.fi\/index.php?rest_route=\/wp\/v2\/pages"}],"about":[{"href":"https:\/\/kielinivel.tnk.fi\/index.php?rest_route=\/wp\/v2\/types\/page"}],"author":[{"embeddable":true,"href":"https:\/\/kielinivel.tnk.fi\/index.php?rest_route=\/wp\/v2\/users\/2"}],"replies":[{"embeddable":true,"href":"https:\/\/kielinivel.tnk.fi\/index.php?rest_route=%2Fwp%2Fv2%2Fcomments&post=1191"}],"version-history":[{"count":3,"href":"https:\/\/kielinivel.tnk.fi\/index.php?rest_route=\/wp\/v2\/pages\/1191\/revisions"}],"predecessor-version":[{"id":2760,"href":"https:\/\/kielinivel.tnk.fi\/index.php?rest_route=\/wp\/v2\/pages\/1191\/revisions\/2760"}],"up":[{"embeddable":true,"href":"https:\/\/kielinivel.tnk.fi\/index.php?rest_route=\/wp\/v2\/pages\/241"}],"wp:attachment":[{"href":"https:\/\/kielinivel.tnk.fi\/index.php?rest_route=%2Fwp%2Fv2%2Fmedia&parent=1191"}],"curies":[{"name":"wp","href":"https:\/\/api.w.org\/{rel}","templated":true}]}}