{"id":1197,"date":"2024-12-10T12:11:02","date_gmt":"2024-12-10T10:11:02","guid":{"rendered":"https:\/\/kielinivel.tnk.fi\/?page_id=1197"},"modified":"2024-12-13T14:21:16","modified_gmt":"2024-12-13T12:21:16","slug":"detyrat-2","status":"publish","type":"page","link":"https:\/\/kielinivel.tnk.fi\/?page_id=1197","title":{"rendered":"Detyrat"},"content":{"rendered":"\n<ol class=\"wp-block-list\">\n<li>&nbsp;Krijo nj\u00eb list\u00eb t\u00eb struktur\u00ebs s\u00eb lajmit.<\/li>\n\n\n\n<li>&nbsp;Krijo nj\u00eb list\u00eb fjal\u00ebsh dhe kuptimin e tyre. Tento t\u00eb zbulosh dometh\u00ebniet n\u00eb gjuh\u00ebn am\u00ebtare dhe pastaj n\u00eb at\u00eb finlandeze.<\/li>\n\n\n\n<li>&nbsp;Lexoni lajmet. B\u00ebni nj\u00eb diagram&nbsp; t\u00eb ngjarjes, e cila nd\u00ebrlidhet me nj\u00eb aksident.Ku filloi gjith\u00e7ka? \u00c7far\u00eb lloj ngjarjesh pasuan dhe ku p\u00ebrfundoi e gjith\u00eb kjo?<\/li>\n\n\n\n<li>&nbsp;Bazuar n\u00eb tekst, shpjegoni se <a>\u00e7far\u00eb<\/a> n\u00ebnkuptohet me v\u00ebrtet\u00ebsin\u00eb e lajmit.<\/li>\n<\/ol>\n\n\n\n<p><\/p>\n\n\n\n<p><\/p>\n\n\n\n<div class=\"wp-block-buttons is-layout-flex wp-block-buttons-is-layout-flex\">\n<div class=\"wp-block-button\"><a class=\"wp-block-button__link wp-element-button\" href=\"https:\/\/kielinivel.tnk.fi\/?page_id=241\"><strong>\u276e\u276e&nbsp;TAKAISIN TEKSTIIN<\/strong><\/a><\/div>\n<\/div>\n\n\n\n<p><\/p>\n","protected":false},"excerpt":{"rendered":"","protected":false},"author":2,"featured_media":0,"parent":241,"menu_order":11,"comment_status":"closed","ping_status":"closed","template":"","meta":{"footnotes":""},"class_list":["post-1197","page","type-page","status-publish","hentry"],"_links":{"self":[{"href":"https:\/\/kielinivel.tnk.fi\/index.php?rest_route=\/wp\/v2\/pages\/1197","targetHints":{"allow":["GET"]}}],"collection":[{"href":"https:\/\/kielinivel.tnk.fi\/index.php?rest_route=\/wp\/v2\/pages"}],"about":[{"href":"https:\/\/kielinivel.tnk.fi\/index.php?rest_route=\/wp\/v2\/types\/page"}],"author":[{"embeddable":true,"href":"https:\/\/kielinivel.tnk.fi\/index.php?rest_route=\/wp\/v2\/users\/2"}],"replies":[{"embeddable":true,"href":"https:\/\/kielinivel.tnk.fi\/index.php?rest_route=%2Fwp%2Fv2%2Fcomments&post=1197"}],"version-history":[{"count":2,"href":"https:\/\/kielinivel.tnk.fi\/index.php?rest_route=\/wp\/v2\/pages\/1197\/revisions"}],"predecessor-version":[{"id":1219,"href":"https:\/\/kielinivel.tnk.fi\/index.php?rest_route=\/wp\/v2\/pages\/1197\/revisions\/1219"}],"up":[{"embeddable":true,"href":"https:\/\/kielinivel.tnk.fi\/index.php?rest_route=\/wp\/v2\/pages\/241"}],"wp:attachment":[{"href":"https:\/\/kielinivel.tnk.fi\/index.php?rest_route=%2Fwp%2Fv2%2Fmedia&parent=1197"}],"curies":[{"name":"wp","href":"https:\/\/api.w.org\/{rel}","templated":true}]}}