{"id":353,"date":"2024-11-25T17:30:01","date_gmt":"2024-11-25T15:30:01","guid":{"rendered":"https:\/\/kielinivel.tnk.fi\/?page_id=353"},"modified":"2025-01-27T16:30:19","modified_gmt":"2025-01-27T14:30:19","slug":"si-ta-mesojme-lenden-e-edukates-qytetare-aspekti-social-i-zhvillimit-te-shoqerise-2","status":"publish","type":"page","link":"https:\/\/kielinivel.tnk.fi\/?page_id=353","title":{"rendered":"Si ta m\u00ebsojm\u00eb l\u00ebnd\u00ebn e edukat\u00ebs qytetare-aspekti social i zhvillimit t\u00eb shoq\u00ebris\u00eb (2)"},"content":{"rendered":"\n<figure class=\"wp-block-audio\"><audio controls src=\"https:\/\/kielinivel.tnk.fi\/wp-content\/uploads\/2025\/01\/Yhteiskuntaoppi_Albania_2.mp3\"><\/audio><\/figure>\n\n\n\n<p>N\u00eb tekst mund t\u00eb kemi koncepte, shpjegime si dhe p\u00ebrkufizime. P\u00ebrkufizimet gjinden zakonisht n\u00eb t\u00eb njejt\u00ebn fjali apo fjalin\u00eb paraprake. <\/p>\n\n\n\n<p>Q\u00ebllimi i nj\u00eb p\u00ebrkufizimi \u00ebsht\u00eb t\u00eb shpjegoj\u00eb sakt\u00ebsisht, se \u00e7far\u00eb ose si \u00ebsht\u00eb di\u00e7ka dhe cilit grup ose koncept mbirendor i p\u00ebrket. P\u00ebrkufizimi ka tre pjes\u00eb: <\/p>\n\n\n\n<ul class=\"wp-block-list\">\n<li>nj\u00eb koncept p\u00ebr t&#8217;u p\u00ebrcaktuar<\/li>\n\n\n\n<li>koncepti\/grup<\/li>\n\n\n\n<li>nj\u00eb veti thelb\u00ebsore q\u00eb e dallon konceptin apo subjektin e p\u00ebrcaktuar nga \u00e7\u00ebshtjet e tjera.<\/li>\n<\/ul>\n\n\n\n<p>N\u00eb nj\u00ebsit m\u00ebsimore psh. flasim p\u00ebr zgjedhjet n\u00ebpermjet vot\u00ebs s\u00eb llir\u00eb, ku secili njeri zgjedh pa ndikimin e jasht\u00ebm dhe pa ndikimin e p\u00ebrfaqsuesit&nbsp; t\u00eb grupimit politik.<\/p>\n\n\n\n<p><\/p>\n\n\n\n<div class=\"wp-block-buttons is-layout-flex wp-block-buttons-is-layout-flex\">\n<div class=\"wp-block-button\"><a class=\"wp-block-button__link wp-element-button\" href=\"https:\/\/kielinivel.tnk.fi\/?page_id=95\"><strong>\u276e\u276e&nbsp;TAKAISIN TEKSTIIN<\/strong><\/a><\/div>\n<\/div>\n\n\n\n<p><\/p>\n","protected":false},"excerpt":{"rendered":"<p>N\u00eb tekst mund t\u00eb kemi koncepte, shpjegime si dhe p\u00ebrkufizime. P\u00ebrkufizimet gjinden zakonisht n\u00eb t\u00eb njejt\u00ebn fjali apo fjalin\u00eb paraprake. Q\u00ebllimi i nj\u00eb p\u00ebrkufizimi \u00ebsht\u00eb t\u00eb shpjegoj\u00eb sakt\u00ebsisht, se \u00e7far\u00eb ose si \u00ebsht\u00eb di\u00e7ka dhe cilit grup ose koncept mbirendor i p\u00ebrket. P\u00ebrkufizimi ka tre pjes\u00eb: N\u00eb nj\u00ebsit m\u00ebsimore psh. flasim p\u00ebr zgjedhjet n\u00ebpermjet vot\u00ebs [&hellip;]<\/p>\n","protected":false},"author":2,"featured_media":0,"parent":95,"menu_order":2,"comment_status":"closed","ping_status":"closed","template":"","meta":{"footnotes":""},"class_list":["post-353","page","type-page","status-publish","hentry"],"_links":{"self":[{"href":"https:\/\/kielinivel.tnk.fi\/index.php?rest_route=\/wp\/v2\/pages\/353","targetHints":{"allow":["GET"]}}],"collection":[{"href":"https:\/\/kielinivel.tnk.fi\/index.php?rest_route=\/wp\/v2\/pages"}],"about":[{"href":"https:\/\/kielinivel.tnk.fi\/index.php?rest_route=\/wp\/v2\/types\/page"}],"author":[{"embeddable":true,"href":"https:\/\/kielinivel.tnk.fi\/index.php?rest_route=\/wp\/v2\/users\/2"}],"replies":[{"embeddable":true,"href":"https:\/\/kielinivel.tnk.fi\/index.php?rest_route=%2Fwp%2Fv2%2Fcomments&post=353"}],"version-history":[{"count":6,"href":"https:\/\/kielinivel.tnk.fi\/index.php?rest_route=\/wp\/v2\/pages\/353\/revisions"}],"predecessor-version":[{"id":3842,"href":"https:\/\/kielinivel.tnk.fi\/index.php?rest_route=\/wp\/v2\/pages\/353\/revisions\/3842"}],"up":[{"embeddable":true,"href":"https:\/\/kielinivel.tnk.fi\/index.php?rest_route=\/wp\/v2\/pages\/95"}],"wp:attachment":[{"href":"https:\/\/kielinivel.tnk.fi\/index.php?rest_route=%2Fwp%2Fv2%2Fmedia&parent=353"}],"curies":[{"name":"wp","href":"https:\/\/api.w.org\/{rel}","templated":true}]}}