{"id":369,"date":"2024-11-25T17:51:42","date_gmt":"2024-11-25T15:51:42","guid":{"rendered":"https:\/\/kielinivel.tnk.fi\/?page_id=369"},"modified":"2024-12-27T15:52:05","modified_gmt":"2024-12-27T13:52:05","slug":"si-ta-mesojme-edukaten-qytetare-ne-shtepi","status":"publish","type":"page","link":"https:\/\/kielinivel.tnk.fi\/?page_id=369","title":{"rendered":"Si ta m\u00ebsojm\u00eb edukat\u00ebn qytetare n\u00eb sht\u00ebpi"},"content":{"rendered":"\n<ol class=\"wp-block-list\">\n<li>Kryej detyrat e sht\u00ebpis\u00eb. P\u00ebrdore nj\u00ebsin\u00eb m\u00ebsimore, grafitet dhe tabelat e dh\u00ebna. Shkruaj dhe p\u00ebrgjigju me gjuh\u00ebn e thjesht\u00eb p\u00ebr ta kuptuar.xx<\/li>\n\n\n\n<li>Njoftohu me titullin e m\u00ebsimit dhe mendo, sa dini rreth \u00e7\u00ebshtjes p\u00ebr t\u00eb cil\u00ebn flasim?<\/li>\n\n\n\n<li>Lexoje tekstin nga fillimi deri n\u00eb fund. B\u00ebje nj\u00eb list\u00eb \u00a0nga paraqitja e \u00e7\u00ebshtjeve kryesore nga t\u00eb cilat formohet titulli i nj\u00ebsis\u00eb m\u00ebsimore.<\/li>\n\n\n\n<li>Analizo list\u00ebn t\u00eb cil\u00ebn e ke b\u00ebr\u00eb, dhe sigurohu q\u00eb i kupton p\u00ebrkufizimet e koncepteve t\u00eb cilat jan\u00eb n\u00eb tekst.<\/li>\n\n\n\n<li>Shkruaj p\u00ebr ti mbajtur n\u00eb kujtes\u00eb \u00e7\u00ebshtjet kryesore, t\u00eb cilat nuk i keni kuptuar. Pyete m\u00ebsuesin n\u00eb or\u00ebn e ardh\u00ebshme.<\/li>\n<\/ol>\n\n\n\n<p> <\/p>\n\n\n\n<div class=\"wp-block-buttons is-layout-flex wp-block-buttons-is-layout-flex\">\n<div class=\"wp-block-button\"><a class=\"wp-block-button__link wp-element-button\" href=\"https:\/\/kielinivel.tnk.fi\/?page_id=95\"><strong>\u276e\u276e&nbsp;TAKAISIN TEKSTIIN<\/strong><\/a><\/div>\n<\/div>\n\n\n\n<p><\/p>\n","protected":false},"excerpt":{"rendered":"","protected":false},"author":2,"featured_media":0,"parent":95,"menu_order":12,"comment_status":"closed","ping_status":"closed","template":"","meta":{"footnotes":""},"class_list":["post-369","page","type-page","status-publish","hentry"],"_links":{"self":[{"href":"https:\/\/kielinivel.tnk.fi\/index.php?rest_route=\/wp\/v2\/pages\/369","targetHints":{"allow":["GET"]}}],"collection":[{"href":"https:\/\/kielinivel.tnk.fi\/index.php?rest_route=\/wp\/v2\/pages"}],"about":[{"href":"https:\/\/kielinivel.tnk.fi\/index.php?rest_route=\/wp\/v2\/types\/page"}],"author":[{"embeddable":true,"href":"https:\/\/kielinivel.tnk.fi\/index.php?rest_route=\/wp\/v2\/users\/2"}],"replies":[{"embeddable":true,"href":"https:\/\/kielinivel.tnk.fi\/index.php?rest_route=%2Fwp%2Fv2%2Fcomments&post=369"}],"version-history":[{"count":1,"href":"https:\/\/kielinivel.tnk.fi\/index.php?rest_route=\/wp\/v2\/pages\/369\/revisions"}],"predecessor-version":[{"id":370,"href":"https:\/\/kielinivel.tnk.fi\/index.php?rest_route=\/wp\/v2\/pages\/369\/revisions\/370"}],"up":[{"embeddable":true,"href":"https:\/\/kielinivel.tnk.fi\/index.php?rest_route=\/wp\/v2\/pages\/95"}],"wp:attachment":[{"href":"https:\/\/kielinivel.tnk.fi\/index.php?rest_route=%2Fwp%2Fv2%2Fmedia&parent=369"}],"curies":[{"name":"wp","href":"https:\/\/api.w.org\/{rel}","templated":true}]}}