{"id":371,"date":"2024-11-25T17:56:25","date_gmt":"2024-11-25T15:56:25","guid":{"rendered":"https:\/\/kielinivel.tnk.fi\/?page_id=371"},"modified":"2024-12-27T15:51:54","modified_gmt":"2024-12-27T13:51:54","slug":"si-te-pregaditemi-per-provim-nga-lenda-e-edukates-qytetare-dituri-shoqerise","status":"publish","type":"page","link":"https:\/\/kielinivel.tnk.fi\/?page_id=371","title":{"rendered":"Si t\u00eb pregaditemi p\u00ebr provim nga l\u00ebnda e edukat\u00ebs qytetare-dituri shoq\u00ebris\u00eb?"},"content":{"rendered":"\n<ol class=\"wp-block-list\">\n<li>Fillo t\u00eb pregaditesh me koh\u00eb. Pjes\u00ebn q\u00eb duhet m\u00ebsuar t\u00eb lexohet n\u00eb dit\u00eb t\u00eb ndryshme pjes\u00eb-pjes\u00eb duke i p\u00ebrs\u00ebritur ato.<\/li>\n\n\n\n<li>Shkruaj p\u00ebr ti mbajtur n\u00eb mendje, vizato tabela krahasuese, lista t\u00eb ndryshme etj.<\/li>\n\n\n\n<li>Sigurohuni q\u00eb t\u00eb kuptoni, se si pjes\u00ebt e ndryshme lidhen me nj\u00ebra-tjetren. Cilat nga k\u00ebto gj\u00ebra me r\u00ebnd\u00ebsi p\u00ebrb\u00ebjn\u00eb t\u00ebrsi? Nga cilat pjes\u00eb p\u00ebrb\u00ebhet thelbi i tem\u00ebs m\u00ebsimore?<\/li>\n\n\n\n<li>Ushtro ti m\u00ebsosh p\u00ebrkufizimet kryesore t\u00eb konceptit brenda tekstit.<\/li>\n\n\n\n<li>Duhet t\u00eb kryhen detyra t\u00eb ndryshme, t\u00eb cilat jan\u00eb m\u00ebsuar n\u00eb or\u00ebt paraprake.<\/li>\n\n\n\n<li>Kryej detyrat e munguara. Duhet t\u00eb kryhen dhe p\u00ebrs\u00ebriten detyrat, t\u00eb cilat jan kryer gjat or\u00ebs m\u00ebsimore.<\/li>\n\n\n\n<li>Mbaje n\u00eb mend, se si duhet t\u00eb p\u00ebrgjigjesh n\u00eb provim.<\/li>\n<\/ol>\n\n\n\n<p>  <\/p>\n\n\n\n<div class=\"wp-block-buttons is-layout-flex wp-block-buttons-is-layout-flex\">\n<div class=\"wp-block-button\"><a class=\"wp-block-button__link wp-element-button\" href=\"https:\/\/kielinivel.tnk.fi\/?page_id=95\"><strong>\u276e\u276e&nbsp;TAKAISIN TEKSTIIN<\/strong><\/a><\/div>\n<\/div>\n\n\n\n<p><\/p>\n","protected":false},"excerpt":{"rendered":"","protected":false},"author":2,"featured_media":0,"parent":95,"menu_order":13,"comment_status":"closed","ping_status":"closed","template":"","meta":{"footnotes":""},"class_list":["post-371","page","type-page","status-publish","hentry"],"_links":{"self":[{"href":"https:\/\/kielinivel.tnk.fi\/index.php?rest_route=\/wp\/v2\/pages\/371","targetHints":{"allow":["GET"]}}],"collection":[{"href":"https:\/\/kielinivel.tnk.fi\/index.php?rest_route=\/wp\/v2\/pages"}],"about":[{"href":"https:\/\/kielinivel.tnk.fi\/index.php?rest_route=\/wp\/v2\/types\/page"}],"author":[{"embeddable":true,"href":"https:\/\/kielinivel.tnk.fi\/index.php?rest_route=\/wp\/v2\/users\/2"}],"replies":[{"embeddable":true,"href":"https:\/\/kielinivel.tnk.fi\/index.php?rest_route=%2Fwp%2Fv2%2Fcomments&post=371"}],"version-history":[{"count":1,"href":"https:\/\/kielinivel.tnk.fi\/index.php?rest_route=\/wp\/v2\/pages\/371\/revisions"}],"predecessor-version":[{"id":372,"href":"https:\/\/kielinivel.tnk.fi\/index.php?rest_route=\/wp\/v2\/pages\/371\/revisions\/372"}],"up":[{"embeddable":true,"href":"https:\/\/kielinivel.tnk.fi\/index.php?rest_route=\/wp\/v2\/pages\/95"}],"wp:attachment":[{"href":"https:\/\/kielinivel.tnk.fi\/index.php?rest_route=%2Fwp%2Fv2%2Fmedia&parent=371"}],"curies":[{"name":"wp","href":"https:\/\/api.w.org\/{rel}","templated":true}]}}