{"id":7,"date":"2024-11-21T12:53:24","date_gmt":"2024-11-21T10:53:24","guid":{"rendered":"https:\/\/kielinivel.tnk.fi\/?page_id=7"},"modified":"2025-01-19T13:17:26","modified_gmt":"2025-01-19T11:17:26","slug":"tervetuloa-kieliniveleen","status":"publish","type":"page","link":"https:\/\/kielinivel.tnk.fi\/","title":{"rendered":"Tervetuloa Kieliniveleen!"},"content":{"rendered":"\n<p class=\"has-large-font-size\"><strong>Kielinivel \u2013 opiskeluohjeita yl\u00e4koulun oppikirjojen lukemiseen<\/strong>&nbsp;<\/p>\n\n\n\n<p>Kielinivel-hankkeessa (2022-24) valmistettiin opiskelutaitoa tukevaa materiaalia eri oppiaineiden opiskeluun varsinkin yl\u00e4kouluun siirtyville monikielisille oppilaille.&nbsp;<\/p>\n\n\n\n<p>Materiaali koostuu seuraavista osista:&nbsp;<\/p>\n\n\n\n<ol start=\"1\" class=\"wp-block-list\">\n<li><strong>Oppikirjateksti<\/strong> j\u00e4ljittelee oppiaineen oppikirjan sivuja. Oppiaineita ovat kotitalous, maantieto, matematiikka, kemia, historia,&nbsp; suomi toisena kielen\u00e4 ja yhteiskuntaoppi. Lis\u00e4ksi on englannin kielen oppikirjasimulaatio, ota voi soveltaa kaikkiin kielten oppiaineisiin.&nbsp;&nbsp;<\/li>\n<\/ol>\n\n\n\n<ol start=\"2\" class=\"wp-block-list\">\n<li>Oppikirjan sivuilta on linkkej\u00e4 <strong>ohjeteksteihin<\/strong>, joiden avulla oppilas voi opetella&nbsp; juuri t\u00e4m\u00e4n oppiaineen&nbsp; kannalta olennaisia opiskelutaitoja ja lukutaitoa. Opiskeluohjeita on suomen kielen lis\u00e4ksi kurdin, persian, arabian, albanian, ven\u00e4j\u00e4n, englannin&nbsp; ja&nbsp; somalin kielell\u00e4. Ohjeet voi lukea tai kuunnella.&nbsp;&nbsp;<\/li>\n<\/ol>\n\n\n\n<ol start=\"3\" class=\"wp-block-list\">\n<li>Oppikirjatekstien lukemisen harjoitteluun on <strong>teht\u00e4vi\u00e4<\/strong>.&nbsp;<\/li>\n<\/ol>\n\n\n\n<ol start=\"4\" class=\"wp-block-list\">\n<li>Ohjeita on my\u00f6s siit\u00e4, <strong>miten oppiainetta kannattaa opiskella kotona<\/strong>. N\u00e4m\u00e4 ohjeet voi lukea tai kuunnella eri kielill\u00e4, jotta vanhemmat voivat osallistua opiskelun tukemiseen.&nbsp;<\/li>\n<\/ol>\n\n\n\n<ol start=\"5\" class=\"wp-block-list\">\n<li>Lopuksi on <strong>ohjeita kertaamisesta kokeisiin<\/strong>. Ohjeet voi lukea tai kuunnella eri kielill\u00e4.&nbsp;&nbsp;<\/li>\n<\/ol>\n\n\n\n<p>Materiaali on syntynyt Turun normaalikoulussa eri <a href=\"https:\/\/kielinivel.tnk.fi\/?page_id=3118\" data-type=\"page\" data-id=\"3118\">oppiaineiden ja monenkielisten opettajien yhteisty\u00f6n\u00e4<\/a>.<\/p>\n\n\n\n<p class=\"has-medium-font-size\">Opetushallitus on rahoittanut hanketta.&nbsp;<\/p>\n\n\n\n<div class=\"wp-block-columns is-layout-flex wp-container-core-columns-is-layout-28f84493 wp-block-columns-is-layout-flex\">\n<div class=\"wp-block-column is-layout-flow wp-block-column-is-layout-flow\" style=\"flex-basis:100%\">\n<div class=\"wp-block-group is-content-justification-center is-nowrap is-layout-flex wp-container-core-group-is-layout-23441af8 wp-block-group-is-layout-flex\">\n<figure class=\"wp-block-image size-medium is-resized\"><a href=\"https:\/\/kielinivel.tnk.fi\/?page_id=48\"><img loading=\"lazy\" decoding=\"async\" width=\"300\" height=\"169\" src=\"https:\/\/kielinivel.tnk.fi\/wp-content\/uploads\/2024\/11\/HISTORIA-300x169.png\" alt=\"HISTORIA\" class=\"wp-image-35\" style=\"width:202px\" srcset=\"https:\/\/kielinivel.tnk.fi\/wp-content\/uploads\/2024\/11\/HISTORIA-300x169.png 300w, https:\/\/kielinivel.tnk.fi\/wp-content\/uploads\/2024\/11\/HISTORIA.png 350w\" sizes=\"auto, (max-width: 300px) 100vw, 300px\" \/><\/a><\/figure>\n\n\n\n<figure class=\"wp-block-image size-medium is-resized\"><a href=\"https:\/\/kielinivel.tnk.fi\/?page_id=103\"><img loading=\"lazy\" decoding=\"async\" width=\"300\" height=\"169\" src=\"https:\/\/kielinivel.tnk.fi\/wp-content\/uploads\/2024\/11\/KEMIA-300x169.png\" alt=\"KEMIA\" class=\"wp-image-34\" style=\"width:202px\" srcset=\"https:\/\/kielinivel.tnk.fi\/wp-content\/uploads\/2024\/11\/KEMIA-300x169.png 300w, https:\/\/kielinivel.tnk.fi\/wp-content\/uploads\/2024\/11\/KEMIA.png 350w\" sizes=\"auto, (max-width: 300px) 100vw, 300px\" \/><\/a><\/figure>\n\n\n\n<figure class=\"wp-block-image size-medium is-resized\"><a href=\"https:\/\/kielinivel.tnk.fi\/?page_id=134\"><img loading=\"lazy\" decoding=\"async\" width=\"300\" height=\"169\" src=\"https:\/\/kielinivel.tnk.fi\/wp-content\/uploads\/2024\/11\/MATEMATIIKKA-300x169.png\" alt=\"MATEMATIIKKA\" class=\"wp-image-33\" style=\"width:202px\" srcset=\"https:\/\/kielinivel.tnk.fi\/wp-content\/uploads\/2024\/11\/MATEMATIIKKA-300x169.png 300w, https:\/\/kielinivel.tnk.fi\/wp-content\/uploads\/2024\/11\/MATEMATIIKKA.png 350w\" sizes=\"auto, (max-width: 300px) 100vw, 300px\" \/><\/a><\/figure>\n<\/div>\n<\/div>\n<\/div>\n\n\n\n<div class=\"wp-block-columns is-layout-flex wp-container-core-columns-is-layout-28f84493 wp-block-columns-is-layout-flex\">\n<div class=\"wp-block-column is-layout-flow wp-block-column-is-layout-flow\" style=\"flex-basis:100%\">\n<div class=\"wp-block-group is-content-justification-center is-nowrap is-layout-flex wp-container-core-group-is-layout-23441af8 wp-block-group-is-layout-flex\">\n<figure class=\"wp-block-image size-medium is-resized\"><a href=\"https:\/\/kielinivel.tnk.fi\/?page_id=175\"><img loading=\"lazy\" decoding=\"async\" width=\"300\" height=\"169\" src=\"https:\/\/kielinivel.tnk.fi\/wp-content\/uploads\/2024\/11\/KIELENOPISKELU-300x169.png\" alt=\"KIELENOPISKELU\" class=\"wp-image-32\" style=\"width:202px\" srcset=\"https:\/\/kielinivel.tnk.fi\/wp-content\/uploads\/2024\/11\/KIELENOPISKELU-300x169.png 300w, https:\/\/kielinivel.tnk.fi\/wp-content\/uploads\/2024\/11\/KIELENOPISKELU.png 350w\" sizes=\"auto, (max-width: 300px) 100vw, 300px\" \/><\/a><\/figure>\n\n\n\n<figure class=\"wp-block-image size-medium is-resized\"><a href=\"https:\/\/kielinivel.tnk.fi\/?page_id=194\"><img loading=\"lazy\" decoding=\"async\" width=\"300\" height=\"169\" src=\"https:\/\/kielinivel.tnk.fi\/wp-content\/uploads\/2024\/11\/KOTITALOUS-300x169.png\" alt=\"KOTITALOUS\" class=\"wp-image-31\" style=\"width:202px\" srcset=\"https:\/\/kielinivel.tnk.fi\/wp-content\/uploads\/2024\/11\/KOTITALOUS-300x169.png 300w, https:\/\/kielinivel.tnk.fi\/wp-content\/uploads\/2024\/11\/KOTITALOUS.png 350w\" sizes=\"auto, (max-width: 300px) 100vw, 300px\" \/><\/a><\/figure>\n\n\n\n<figure class=\"wp-block-image size-medium is-resized\"><a href=\"https:\/\/kielinivel.tnk.fi\/?page_id=213\"><img loading=\"lazy\" decoding=\"async\" width=\"300\" height=\"169\" src=\"https:\/\/kielinivel.tnk.fi\/wp-content\/uploads\/2024\/11\/MAANTIETO-300x169.png\" alt=\"MAANTIETO\" class=\"wp-image-30\" style=\"width:202px\" srcset=\"https:\/\/kielinivel.tnk.fi\/wp-content\/uploads\/2024\/11\/MAANTIETO-300x169.png 300w, https:\/\/kielinivel.tnk.fi\/wp-content\/uploads\/2024\/11\/MAANTIETO.png 350w\" sizes=\"auto, (max-width: 300px) 100vw, 300px\" \/><\/a><\/figure>\n<\/div>\n<\/div>\n<\/div>\n\n\n\n<div class=\"wp-block-columns is-layout-flex wp-container-core-columns-is-layout-28f84493 wp-block-columns-is-layout-flex\">\n<div class=\"wp-block-column is-layout-flow wp-block-column-is-layout-flow\" style=\"flex-basis:100%\">\n<div class=\"wp-block-columns is-layout-flex wp-container-core-columns-is-layout-28f84493 wp-block-columns-is-layout-flex\">\n<div class=\"wp-block-column is-layout-flow wp-block-column-is-layout-flow\" style=\"flex-basis:100%\">\n<div class=\"wp-block-group is-content-justification-center is-nowrap is-layout-flex wp-container-core-group-is-layout-23441af8 wp-block-group-is-layout-flex\">\n<figure class=\"wp-block-image size-medium is-resized\"><a href=\"https:\/\/kielinivel.tnk.fi\/?page_id=233\"><img loading=\"lazy\" decoding=\"async\" width=\"300\" height=\"169\" src=\"https:\/\/kielinivel.tnk.fi\/wp-content\/uploads\/2024\/11\/S2-300x169.png\" alt=\"S2 - SUOMEN KIELI\" class=\"wp-image-29\" style=\"width:202px\" srcset=\"https:\/\/kielinivel.tnk.fi\/wp-content\/uploads\/2024\/11\/S2-300x169.png 300w, https:\/\/kielinivel.tnk.fi\/wp-content\/uploads\/2024\/11\/S2.png 350w\" sizes=\"auto, (max-width: 300px) 100vw, 300px\" \/><\/a><\/figure>\n\n\n\n<figure class=\"wp-block-image size-medium is-resized\"><a href=\"https:\/\/kielinivel.tnk.fi\/?page_id=83\"><img loading=\"lazy\" decoding=\"async\" width=\"300\" height=\"169\" src=\"https:\/\/kielinivel.tnk.fi\/wp-content\/uploads\/2025\/01\/YHTEISKUNTAOPPI_2-300x169.png\" alt=\"YHTEISKUNTAOPPI\" class=\"wp-image-3138\" style=\"width:202px\" srcset=\"https:\/\/kielinivel.tnk.fi\/wp-content\/uploads\/2025\/01\/YHTEISKUNTAOPPI_2-300x169.png 300w, https:\/\/kielinivel.tnk.fi\/wp-content\/uploads\/2025\/01\/YHTEISKUNTAOPPI_2.png 350w\" sizes=\"auto, (max-width: 300px) 100vw, 300px\" \/><\/a><\/figure>\n<\/div>\n<\/div>\n<\/div>\n<\/div>\n<\/div>\n\n\n\n<hr class=\"wp-block-separator has-text-color has-background-color has-alpha-channel-opacity has-background-background-color has-background is-style-default\" style=\"margin-top:var(--wp--preset--spacing--60);margin-bottom:var(--wp--preset--spacing--60)\"\/>\n\n\n\n<div class=\"wp-block-group is-content-justification-center is-nowrap is-layout-flex wp-container-core-group-is-layout-23441af8 wp-block-group-is-layout-flex\">\n<div class=\"wp-block-group is-content-justification-left is-nowrap is-layout-flex wp-container-core-group-is-layout-fc9f69e7 wp-block-group-is-layout-flex\">\n<div class=\"wp-block-group is-content-justification-left is-nowrap is-layout-flex wp-container-core-group-is-layout-fc9f69e7 wp-block-group-is-layout-flex\">\n<figure class=\"wp-block-image size-medium is-resized\"><a href=\"https:\/\/sites.utu.fi\/tnk\/\" target=\"_blank\" rel=\" noreferrer noopener\"><img loading=\"lazy\" decoding=\"async\" width=\"300\" height=\"298\" src=\"https:\/\/kielinivel.tnk.fi\/wp-content\/uploads\/2025\/01\/TNK-1-300x298.png\" alt=\"Turun normaalikoulun logo\" class=\"wp-image-3210\" style=\"width:120px;height:auto\" srcset=\"https:\/\/kielinivel.tnk.fi\/wp-content\/uploads\/2025\/01\/TNK-1-300x298.png 300w, https:\/\/kielinivel.tnk.fi\/wp-content\/uploads\/2025\/01\/TNK-1-1024x1018.png 1024w, https:\/\/kielinivel.tnk.fi\/wp-content\/uploads\/2025\/01\/TNK-1-150x150.png 150w, https:\/\/kielinivel.tnk.fi\/wp-content\/uploads\/2025\/01\/TNK-1-768x764.png 768w, https:\/\/kielinivel.tnk.fi\/wp-content\/uploads\/2025\/01\/TNK-1-1536x1528.png 1536w, https:\/\/kielinivel.tnk.fi\/wp-content\/uploads\/2025\/01\/TNK-1.png 1669w\" sizes=\"auto, (max-width: 300px) 100vw, 300px\" \/><\/a><\/figure>\n\n\n\n<hr class=\"wp-block-separator has-text-color has-background-color has-alpha-channel-opacity has-background-background-color has-background is-style-default\"\/>\n\n\n\n<figure class=\"wp-block-image size-medium is-resized\"><a href=\"https:\/\/www.oph.fi\/fi\" target=\"_blank\" rel=\" noreferrer noopener\"><img loading=\"lazy\" decoding=\"async\" width=\"300\" height=\"290\" src=\"https:\/\/kielinivel.tnk.fi\/wp-content\/uploads\/2025\/01\/OPH_rahoittaa_rgb-300x290.png\" alt=\"Opetushallitus rahoittaa hanketta -logo\" class=\"wp-image-3211\" style=\"width:125px\" srcset=\"https:\/\/kielinivel.tnk.fi\/wp-content\/uploads\/2025\/01\/OPH_rahoittaa_rgb-300x290.png 300w, https:\/\/kielinivel.tnk.fi\/wp-content\/uploads\/2025\/01\/OPH_rahoittaa_rgb.png 360w\" sizes=\"auto, (max-width: 300px) 100vw, 300px\" \/><\/a><\/figure>\n<\/div>\n<\/div>\n<\/div>\n\n\n\n<p><\/p>\n\n\n\n<p><\/p>\n","protected":false},"excerpt":{"rendered":"<p>Kielinivel \u2013 opiskeluohjeita yl\u00e4koulun oppikirjojen lukemiseen&nbsp; Kielinivel-hankkeessa (2022-24) valmistettiin opiskelutaitoa tukevaa materiaalia eri oppiaineiden opiskeluun varsinkin yl\u00e4kouluun siirtyville monikielisille oppilaille.&nbsp; Materiaali koostuu seuraavista osista:&nbsp; Materiaali on syntynyt Turun normaalikoulussa eri oppiaineiden ja monenkielisten opettajien yhteisty\u00f6n\u00e4. Opetushallitus on rahoittanut hanketta.&nbsp;<\/p>\n","protected":false},"author":2,"featured_media":3136,"parent":0,"menu_order":0,"comment_status":"closed","ping_status":"closed","template":"","meta":{"footnotes":""},"class_list":["post-7","page","type-page","status-publish","has-post-thumbnail","hentry"],"_links":{"self":[{"href":"https:\/\/kielinivel.tnk.fi\/index.php?rest_route=\/wp\/v2\/pages\/7","targetHints":{"allow":["GET"]}}],"collection":[{"href":"https:\/\/kielinivel.tnk.fi\/index.php?rest_route=\/wp\/v2\/pages"}],"about":[{"href":"https:\/\/kielinivel.tnk.fi\/index.php?rest_route=\/wp\/v2\/types\/page"}],"author":[{"embeddable":true,"href":"https:\/\/kielinivel.tnk.fi\/index.php?rest_route=\/wp\/v2\/users\/2"}],"replies":[{"embeddable":true,"href":"https:\/\/kielinivel.tnk.fi\/index.php?rest_route=%2Fwp%2Fv2%2Fcomments&post=7"}],"version-history":[{"count":37,"href":"https:\/\/kielinivel.tnk.fi\/index.php?rest_route=\/wp\/v2\/pages\/7\/revisions"}],"predecessor-version":[{"id":3627,"href":"https:\/\/kielinivel.tnk.fi\/index.php?rest_route=\/wp\/v2\/pages\/7\/revisions\/3627"}],"wp:featuredmedia":[{"embeddable":true,"href":"https:\/\/kielinivel.tnk.fi\/index.php?rest_route=\/wp\/v2\/media\/3136"}],"wp:attachment":[{"href":"https:\/\/kielinivel.tnk.fi\/index.php?rest_route=%2Fwp%2Fv2%2Fmedia&parent=7"}],"curies":[{"name":"wp","href":"https:\/\/api.w.org\/{rel}","templated":true}]}}