{"id":758,"date":"2024-12-05T10:04:26","date_gmt":"2024-12-05T08:04:26","guid":{"rendered":"https:\/\/kielinivel.tnk.fi\/?page_id=758"},"modified":"2025-01-14T22:20:33","modified_gmt":"2025-01-14T20:20:33","slug":"miten-kemian-teksteja-opiskellaan-1","status":"publish","type":"page","link":"https:\/\/kielinivel.tnk.fi\/?page_id=758","title":{"rendered":"Miten kemian tekstej\u00e4 opiskellaan? &#8211; 1"},"content":{"rendered":"\n<figure class=\"wp-block-audio\"><audio controls src=\"https:\/\/kielinivel.tnk.fi\/wp-content\/uploads\/2025\/01\/Suomi_kemia_1-2025-01-12-14_18_37.mp3\"><\/audio><\/figure>\n\n\n\n<p>Kemian oppikirjojen teksteiss\u00e4 k\u00e4sitell\u00e4\u00e4n sit\u00e4, mist\u00e4 aineista ja materiaaleista ymp\u00e4rist\u00f6mme muodostuu. Kemian tunneilla esitell\u00e4\u00e4n my\u00f6s sit\u00e4, miten aineet ja materiaalit k\u00e4ytt\u00e4ytyv\u00e4t (= reagoivat), kun ne joutuvat yhteen toisten aineiden ja materiaalien kanssa tai kun olosuhteet muuttuvat. Teksteiss\u00e4 on sen vuoksi paljon<strong> aineiden ja materiaalien nimityksi\u00e4 ja reaktioiden (aineiden k\u00e4ytt\u00e4ytymisen) kuvailua.<\/strong><\/p>\n\n\n\n<p><\/p>\n\n\n\n<div class=\"wp-block-buttons is-layout-flex wp-block-buttons-is-layout-flex\">\n<div class=\"wp-block-button\"><a class=\"wp-block-button__link wp-element-button\" href=\"https:\/\/kielinivel.tnk.fi\/?page_id=130\"><strong>\u276e\u276e&nbsp;TAKAISIN TEKSTIIN<\/strong><\/a><\/div>\n<\/div>\n\n\n\n<p><\/p>\n","protected":false},"excerpt":{"rendered":"<p>Kemian oppikirjojen teksteiss\u00e4 k\u00e4sitell\u00e4\u00e4n sit\u00e4, mist\u00e4 aineista ja materiaaleista ymp\u00e4rist\u00f6mme muodostuu. Kemian tunneilla esitell\u00e4\u00e4n my\u00f6s sit\u00e4, miten aineet ja materiaalit k\u00e4ytt\u00e4ytyv\u00e4t (= reagoivat), kun ne joutuvat yhteen toisten aineiden ja materiaalien kanssa tai kun olosuhteet muuttuvat. Teksteiss\u00e4 on sen vuoksi paljon aineiden ja materiaalien nimityksi\u00e4 ja reaktioiden (aineiden k\u00e4ytt\u00e4ytymisen) kuvailua.<\/p>\n","protected":false},"author":2,"featured_media":0,"parent":130,"menu_order":1,"comment_status":"closed","ping_status":"closed","template":"","meta":{"footnotes":""},"class_list":["post-758","page","type-page","status-publish","hentry"],"_links":{"self":[{"href":"https:\/\/kielinivel.tnk.fi\/index.php?rest_route=\/wp\/v2\/pages\/758","targetHints":{"allow":["GET"]}}],"collection":[{"href":"https:\/\/kielinivel.tnk.fi\/index.php?rest_route=\/wp\/v2\/pages"}],"about":[{"href":"https:\/\/kielinivel.tnk.fi\/index.php?rest_route=\/wp\/v2\/types\/page"}],"author":[{"embeddable":true,"href":"https:\/\/kielinivel.tnk.fi\/index.php?rest_route=\/wp\/v2\/users\/2"}],"replies":[{"embeddable":true,"href":"https:\/\/kielinivel.tnk.fi\/index.php?rest_route=%2Fwp%2Fv2%2Fcomments&post=758"}],"version-history":[{"count":5,"href":"https:\/\/kielinivel.tnk.fi\/index.php?rest_route=\/wp\/v2\/pages\/758\/revisions"}],"predecessor-version":[{"id":3582,"href":"https:\/\/kielinivel.tnk.fi\/index.php?rest_route=\/wp\/v2\/pages\/758\/revisions\/3582"}],"up":[{"embeddable":true,"href":"https:\/\/kielinivel.tnk.fi\/index.php?rest_route=\/wp\/v2\/pages\/130"}],"wp:attachment":[{"href":"https:\/\/kielinivel.tnk.fi\/index.php?rest_route=%2Fwp%2Fv2%2Fmedia&parent=758"}],"curies":[{"name":"wp","href":"https:\/\/api.w.org\/{rel}","templated":true}]}}