{"id":762,"date":"2024-12-05T10:07:39","date_gmt":"2024-12-05T08:07:39","guid":{"rendered":"https:\/\/kielinivel.tnk.fi\/?page_id=762"},"modified":"2025-01-14T22:21:58","modified_gmt":"2025-01-14T20:21:58","slug":"miten-kemian-teksteja-opiskellaan-3","status":"publish","type":"page","link":"https:\/\/kielinivel.tnk.fi\/?page_id=762","title":{"rendered":"Miten kemian tekstej\u00e4 opiskellaan? &#8211; 3"},"content":{"rendered":"\n<figure class=\"wp-block-audio\"><audio controls src=\"https:\/\/kielinivel.tnk.fi\/wp-content\/uploads\/2025\/01\/Suomi_kemia_3-2025-01-12-14_20_50.mp3\"><\/audio><\/figure>\n\n\n\n<p>Aineiden ja materiaalien ominaisuuksia voidaan kuvata sovituilla <strong>lyhenteill\u00e4.<\/strong> Esimerkiksi pH tarkoittaa happamuutta. Lyhenteet pit\u00e4\u00e4 opetella kirjoittamaan juuri oikein.<\/p>\n\n\n\n<p><\/p>\n\n\n\n<div class=\"wp-block-buttons is-layout-flex wp-block-buttons-is-layout-flex\">\n<div class=\"wp-block-button\"><a class=\"wp-block-button__link wp-element-button\" href=\"https:\/\/kielinivel.tnk.fi\/?page_id=130\"><strong>\u276e\u276e&nbsp;TAKAISIN TEKSTIIN<\/strong><\/a><\/div>\n<\/div>\n\n\n\n<p><\/p>\n","protected":false},"excerpt":{"rendered":"<p>Aineiden ja materiaalien ominaisuuksia voidaan kuvata sovituilla lyhenteill\u00e4. Esimerkiksi pH tarkoittaa happamuutta. Lyhenteet pit\u00e4\u00e4 opetella kirjoittamaan juuri oikein.<\/p>\n","protected":false},"author":2,"featured_media":0,"parent":130,"menu_order":3,"comment_status":"closed","ping_status":"closed","template":"","meta":{"footnotes":""},"class_list":["post-762","page","type-page","status-publish","hentry"],"_links":{"self":[{"href":"https:\/\/kielinivel.tnk.fi\/index.php?rest_route=\/wp\/v2\/pages\/762","targetHints":{"allow":["GET"]}}],"collection":[{"href":"https:\/\/kielinivel.tnk.fi\/index.php?rest_route=\/wp\/v2\/pages"}],"about":[{"href":"https:\/\/kielinivel.tnk.fi\/index.php?rest_route=\/wp\/v2\/types\/page"}],"author":[{"embeddable":true,"href":"https:\/\/kielinivel.tnk.fi\/index.php?rest_route=\/wp\/v2\/users\/2"}],"replies":[{"embeddable":true,"href":"https:\/\/kielinivel.tnk.fi\/index.php?rest_route=%2Fwp%2Fv2%2Fcomments&post=762"}],"version-history":[{"count":3,"href":"https:\/\/kielinivel.tnk.fi\/index.php?rest_route=\/wp\/v2\/pages\/762\/revisions"}],"predecessor-version":[{"id":3586,"href":"https:\/\/kielinivel.tnk.fi\/index.php?rest_route=\/wp\/v2\/pages\/762\/revisions\/3586"}],"up":[{"embeddable":true,"href":"https:\/\/kielinivel.tnk.fi\/index.php?rest_route=\/wp\/v2\/pages\/130"}],"wp:attachment":[{"href":"https:\/\/kielinivel.tnk.fi\/index.php?rest_route=%2Fwp%2Fv2%2Fmedia&parent=762"}],"curies":[{"name":"wp","href":"https:\/\/api.w.org\/{rel}","templated":true}]}}