{"id":897,"date":"2024-12-05T15:47:47","date_gmt":"2024-12-05T13:47:47","guid":{"rendered":"https:\/\/kielinivel.tnk.fi\/?page_id=897"},"modified":"2025-01-13T22:30:13","modified_gmt":"2025-01-13T20:30:13","slug":"tehtavia-lukuteksteista","status":"publish","type":"page","link":"https:\/\/kielinivel.tnk.fi\/?page_id=897","title":{"rendered":"Teht\u00e4vi\u00e4 lukuteksteist\u00e4"},"content":{"rendered":"\n<figure class=\"wp-block-audio\"><audio controls src=\"https:\/\/kielinivel.tnk.fi\/wp-content\/uploads\/2025\/01\/VenlAvaTraining-36-2025-01-12-10_49_04.mp3\"><\/audio><\/figure>\n\n\n\n<ol class=\"wp-block-list\">\n<li>Mit\u00e4 uusia k\u00e4sitteit\u00e4 l\u00f6yd\u00e4t testist\u00e4? Selit\u00e4, mit\u00e4 ne tarkoittavat.<\/li>\n\n\n\n<li>Millaisia v\u00e4liotsikoita tekstiss\u00e4 on? Miten uudet k\u00e4sitteet liittyv\u00e4t niihin?<\/li>\n\n\n\n<li>Piirr\u00e4 kaaviokuva kaasuplaneettojen syntymisest\u00e4.<\/li>\n\n\n\n<li>Millaisen kuvatekstin kirjoittaisit kuvaan?<\/li>\n\n\n\n<li>Milloin Guineassa on l\u00e4mpimint\u00e4?<\/li>\n<\/ol>\n\n\n\n<p><\/p>\n\n\n\n<div class=\"wp-block-buttons is-layout-flex wp-block-buttons-is-layout-flex\">\n<div class=\"wp-block-button\"><a class=\"wp-block-button__link wp-element-button\" href=\"https:\/\/kielinivel.tnk.fi\/?page_id=230\"><strong>\u276e\u276e&nbsp;TAKAISIN TEKSTIIN<\/strong><\/a><\/div>\n<\/div>\n\n\n\n<p><\/p>\n","protected":false},"excerpt":{"rendered":"","protected":false},"author":2,"featured_media":0,"parent":230,"menu_order":11,"comment_status":"closed","ping_status":"closed","template":"","meta":{"footnotes":""},"class_list":["post-897","page","type-page","status-publish","hentry"],"_links":{"self":[{"href":"https:\/\/kielinivel.tnk.fi\/index.php?rest_route=\/wp\/v2\/pages\/897","targetHints":{"allow":["GET"]}}],"collection":[{"href":"https:\/\/kielinivel.tnk.fi\/index.php?rest_route=\/wp\/v2\/pages"}],"about":[{"href":"https:\/\/kielinivel.tnk.fi\/index.php?rest_route=\/wp\/v2\/types\/page"}],"author":[{"embeddable":true,"href":"https:\/\/kielinivel.tnk.fi\/index.php?rest_route=\/wp\/v2\/users\/2"}],"replies":[{"embeddable":true,"href":"https:\/\/kielinivel.tnk.fi\/index.php?rest_route=%2Fwp%2Fv2%2Fcomments&post=897"}],"version-history":[{"count":3,"href":"https:\/\/kielinivel.tnk.fi\/index.php?rest_route=\/wp\/v2\/pages\/897\/revisions"}],"predecessor-version":[{"id":3479,"href":"https:\/\/kielinivel.tnk.fi\/index.php?rest_route=\/wp\/v2\/pages\/897\/revisions\/3479"}],"up":[{"embeddable":true,"href":"https:\/\/kielinivel.tnk.fi\/index.php?rest_route=\/wp\/v2\/pages\/230"}],"wp:attachment":[{"href":"https:\/\/kielinivel.tnk.fi\/index.php?rest_route=%2Fwp%2Fv2%2Fmedia&parent=897"}],"curies":[{"name":"wp","href":"https:\/\/api.w.org\/{rel}","templated":true}]}}