{"id":915,"date":"2024-12-05T19:21:23","date_gmt":"2024-12-05T17:21:23","guid":{"rendered":"https:\/\/kielinivel.tnk.fi\/?page_id=915"},"modified":"2025-01-13T22:35:41","modified_gmt":"2025-01-13T20:35:41","slug":"miten-suomen-kielta-ja-kirjallisuutta-toisena-kielena-s2-opiskellaan-1","status":"publish","type":"page","link":"https:\/\/kielinivel.tnk.fi\/?page_id=915","title":{"rendered":"Miten suomen kielt\u00e4 ja kirjallisuutta toisena kielen\u00e4 (S2)\u00a0opiskellaan? &#8211; 1"},"content":{"rendered":"\n<figure class=\"wp-block-audio\"><audio controls src=\"https:\/\/kielinivel.tnk.fi\/wp-content\/uploads\/2025\/01\/Suomi_S2_1-2025-01-12-10_02_58.mp3\"><\/audio><\/figure>\n\n\n\n<p>Suomen kielt\u00e4 opiskellaan kaikkien oppiaineiden tunneilla.&nbsp; Kaikissa oppiaineissa opetellaan oppiaineelle tyypillisi\u00e4 tapoja ilmaista asioita. Esimerkiksi biologiassa ja kemiassa opiskellaan tutkimusraportin tekemist\u00e4, kotitaloudessa taas ohjeen lukemista. Jokaisella oppiaineella on my\u00f6s oma erityinen sanastonsa, joka poikkeaa arkisanastosta. Esimerkiksi <em>valo<\/em> tarkoittaa eri asiaa arjessa ja fysiikassa. Eri oppiaineissa opiskellaan my\u00f6s kaikille oppiaineille yhteist\u00e4 <strong>tiedonalojen yhteist\u00e4 sanastoa ja ilmaisutapaa, <\/strong>ns.<strong> akateemista kielt\u00e4<\/strong>, jolla on omat, arkisesta puhekielest\u00e4 selv\u00e4sti eroavat piirteens\u00e4. Esimerkiksi \u201dmik\u00e4 on <em>edelt\u00e4nyt <\/em>tapahtumia ja mik\u00e4 <em>on johtanut tapahtuneeseen<\/em>\u201d ilmaistaisiin arkikieless\u00e4 \u201dmit\u00e4 tapahtui ennen ja mik\u00e4 j\u00e4lkeen tapahtumaa\u201d. <em>Edelt\u00e4\u00e4<\/em> ja <em>johtaa<\/em> <em>tapahtuneeseen<\/em> ovat tyypillisi\u00e4 akateemisen kielen ilmaisuja, samoin esimerkiksi <em>&nbsp;tahaton <\/em>ja <em>tahallinen<\/em>. Akateemista kirjallista ilmaisua on opittava kaikilla tunneilla, koska sit\u00e4 tarvitaan kaikessa jatko-opiskelussa peruskoulun j\u00e4lkeen.<\/p>\n\n\n\n<p><\/p>\n\n\n\n<div class=\"wp-block-buttons is-layout-flex wp-block-buttons-is-layout-flex\">\n<div class=\"wp-block-button\"><a class=\"wp-block-button__link wp-element-button\" href=\"https:\/\/kielinivel.tnk.fi\/?page_id=249\"><strong>\u276e\u276e&nbsp;TAKAISIN TEKSTIIN<\/strong><\/a><\/div>\n<\/div>\n\n\n\n<p><\/p>\n","protected":false},"excerpt":{"rendered":"<p>Suomen kielt\u00e4 opiskellaan kaikkien oppiaineiden tunneilla.&nbsp; Kaikissa oppiaineissa opetellaan oppiaineelle tyypillisi\u00e4 tapoja ilmaista asioita. Esimerkiksi biologiassa ja kemiassa opiskellaan tutkimusraportin tekemist\u00e4, kotitaloudessa taas ohjeen lukemista. Jokaisella oppiaineella on my\u00f6s oma erityinen sanastonsa, joka poikkeaa arkisanastosta. Esimerkiksi valo tarkoittaa eri asiaa arjessa ja fysiikassa. Eri oppiaineissa opiskellaan my\u00f6s kaikille oppiaineille yhteist\u00e4 tiedonalojen yhteist\u00e4 sanastoa ja ilmaisutapaa, [&hellip;]<\/p>\n","protected":false},"author":2,"featured_media":0,"parent":249,"menu_order":0,"comment_status":"closed","ping_status":"closed","template":"","meta":{"footnotes":""},"class_list":["post-915","page","type-page","status-publish","hentry"],"_links":{"self":[{"href":"https:\/\/kielinivel.tnk.fi\/index.php?rest_route=\/wp\/v2\/pages\/915","targetHints":{"allow":["GET"]}}],"collection":[{"href":"https:\/\/kielinivel.tnk.fi\/index.php?rest_route=\/wp\/v2\/pages"}],"about":[{"href":"https:\/\/kielinivel.tnk.fi\/index.php?rest_route=\/wp\/v2\/types\/page"}],"author":[{"embeddable":true,"href":"https:\/\/kielinivel.tnk.fi\/index.php?rest_route=\/wp\/v2\/users\/2"}],"replies":[{"embeddable":true,"href":"https:\/\/kielinivel.tnk.fi\/index.php?rest_route=%2Fwp%2Fv2%2Fcomments&post=915"}],"version-history":[{"count":3,"href":"https:\/\/kielinivel.tnk.fi\/index.php?rest_route=\/wp\/v2\/pages\/915\/revisions"}],"predecessor-version":[{"id":3489,"href":"https:\/\/kielinivel.tnk.fi\/index.php?rest_route=\/wp\/v2\/pages\/915\/revisions\/3489"}],"up":[{"embeddable":true,"href":"https:\/\/kielinivel.tnk.fi\/index.php?rest_route=\/wp\/v2\/pages\/249"}],"wp:attachment":[{"href":"https:\/\/kielinivel.tnk.fi\/index.php?rest_route=%2Fwp%2Fv2%2Fmedia&parent=915"}],"curies":[{"name":"wp","href":"https:\/\/api.w.org\/{rel}","templated":true}]}}