{"id":93,"date":"2024-11-22T16:53:51","date_gmt":"2024-11-22T14:53:51","guid":{"rendered":"https:\/\/kielinivel.tnk.fi\/?page_id=93"},"modified":"2025-01-13T12:39:25","modified_gmt":"2025-01-13T10:39:25","slug":"arabia","status":"publish","type":"page","link":"https:\/\/kielinivel.tnk.fi\/?page_id=93","title":{"rendered":"arabia &#8211; opiskeluohjeet arabiaksi"},"content":{"rendered":"\n<p class=\"has-text-align-center has-x-large-font-size\">YHTEISKUNTAOPPI<\/p>\n\n\n\n<hr class=\"wp-block-separator has-alpha-channel-opacity is-style-wide\"\/>\n\n\n\n<p class=\"has-large-font-size\"><strong>Demokratia antaa kansalaisille mahdollisuuden vaikuttaa<\/strong><\/p>\n\n\n\n<p><strong>Suomi on demokraattinen maa. Suomessa kansalaiset saavat \u00e4\u00e4nest\u00e4\u00e4 vapaissa vaaleissa ja ilmaista avoimesti oman mielipiteens\u00e4. Suomalaiset eiv\u00e4t joudu pelk\u00e4\u00e4m\u00e4\u00e4n sortoa tai v\u00e4kivaltaa mielipiteidens\u00e4 takia. Toimiva demokratia on rakennettu kansalaisten aktiivisuudelle. Maailmassa on my\u00f6s maita, joissa valtaa pit\u00e4\u00e4 yksinvaltias tai pieni joukko ihmisi\u00e4. Diktatuurit ovat maita, jossa kansalaiset eiv\u00e4t pysty vaikuttamaan maansa asioihin.<\/strong><\/p>\n\n\n\n<p>Sana demokratia on johdettu kreikan kielen sanoista demos ja kratia. Demos tarkoittaa kansaa, kratia sen sijaan valtaa. Demokratia on siis&nbsp;<strong>kansanvaltaa<\/strong>, sill\u00e4 demokraattisissa maissa kansalaiset voivat osallistua yhteiskunnallisten asioiden hoitoon ja poliittiseen p\u00e4\u00e4t\u00f6ksentekoon. Yleisimmin kansalaiset osallistuvat p\u00e4\u00e4t\u00f6ksentekoon \u00e4\u00e4nest\u00e4m\u00e4ll\u00e4 vaaleissa. Demokratioissa vaaleja j\u00e4rjestet\u00e4\u00e4n s\u00e4\u00e4nn\u00f6llisesti ja kansalaiset voivat valita haluamansa ehdokkaan useista vaihtoehdoista. Kansalaisilla on&nbsp;<strong>yleinen ja yht\u00e4l\u00e4inen \u00e4\u00e4nioikeus<\/strong>&nbsp;ja heid\u00e4n antamaansa \u00e4\u00e4nt\u00e4 suojelee&nbsp;<strong>vaalisalaisuus<\/strong>. Kenenk\u00e4\u00e4n ei tarvitse kertoa toiselle ket\u00e4 h\u00e4n on \u00e4\u00e4nest\u00e4nyt.&nbsp;<a href=\"https:\/\/kielinivel.tnk.fi\/?page_id=375\" data-type=\"page\" data-id=\"241\"><img loading=\"lazy\" decoding=\"async\" width=\"90\" height=\"20\" class=\"wp-image-409\" style=\"\" src=\"https:\/\/kielinivel.tnk.fi\/wp-content\/uploads\/2024\/11\/LUE-OHJE-75pix.png\" alt=\"\"><\/a><\/p>\n\n\n\n<p>J\u00e4rjestelm\u00e4\u00e4, jossa kansalaiset valitsevat itselleen edustajat vaaleissa \u00e4\u00e4nest\u00e4m\u00e4ll\u00e4 kutsutaan&nbsp;<strong>edustuksellisiksi demokratioiksi<\/strong>. Suurin osa maailman demokratioista on edustuksellisia.&nbsp;<strong>Suoraksi demokratiaksi<\/strong>&nbsp;kutsutaan maata, jossa kansalaiset osallistuvat p\u00e4\u00e4t\u00f6ksentekoon henkil\u00f6kohtaisesti, eiv\u00e4tk\u00e4 pelk\u00e4st\u00e4\u00e4n valitsemalla itselleen edustajia. Suorat demokratia ovat nykymaailmassa harvinaisia. Edustuksellisessakin demokratiassa voi kuitenkin olla suoran demokratian elementtej\u00e4. Jos kansalaisilta halutaan kysy\u00e4 mielipidett\u00e4 jostain tietyst\u00e4 kysymyksest\u00e4, voidaan j\u00e4rjest\u00e4\u00e4&nbsp;<strong>kansan\u00e4\u00e4nestys<\/strong>, jossa kansalainen saa ilmaista n\u00e4kemyksens\u00e4 asiasta suoraan eik\u00e4 edustajansa kautta.&nbsp;<a href=\"https:\/\/kielinivel.tnk.fi\/?page_id=378\" data-type=\"page\" data-id=\"241\"><img loading=\"lazy\" decoding=\"async\" width=\"90\" height=\"20\" class=\"wp-image-409\" style=\"\" src=\"https:\/\/kielinivel.tnk.fi\/wp-content\/uploads\/2024\/11\/LUE-OHJE-75pix.png\" alt=\"\"><\/a><\/p>\n\n\n\n<p>Kaikki demokratioiden kansalaiset eiv\u00e4t kuitenkaan ole kiinnostuneita osallistumaan p\u00e4\u00e4t\u00f6ksentekoon. Suomessa eduskuntavaalien&nbsp;<strong>\u00e4\u00e4nestysprosentti<\/strong>&nbsp;on yleens\u00e4 noin 70 prosenttia, mik\u00e4 kertoo  siit\u00e4, ett\u00e4 kolmannes \u00e4\u00e4nioikeutetuista ei \u00e4\u00e4nest\u00e4 vaaleissa. T\u00e4llaiset luvut ovat yleisi\u00e4 l\u00e4hes kaikissa demokraattisissa maissa. \u00c4\u00e4nioikeus on nimenomaan oikeus, ei velvollisuus. Demokratioiden haasteena onkin se, miten yh\u00e4 useammat kansalaiset saataisiin aktivoitua osallistumaan yhteisten asioiden hoitamiseen.<\/p>\n\n\n\n<figure class=\"wp-block-image alignleft size-medium\"><img loading=\"lazy\" decoding=\"async\" width=\"300\" height=\"187\" src=\"https:\/\/kielinivel.tnk.fi\/wp-content\/uploads\/2024\/11\/YHTEISKUNTAOPPI1-300x187.jpg\" alt=\"\u00e4\u00e4nestys, \u00e4\u00e4nestys, voting ballot, laatikko, paperi, valinta, valita, kansalainen, luottamuksellisuus, p\u00e4\u00e4t\u00f6s, demokratia, vaalit, vaaleista, hallitus, k\u00e4si, lausunto, eduskunta, poliittinen, politiikka, kyselylomake, kansan\u00e4\u00e4nestys, rekister\u00f6inti, tutkimus, nainen, tuote, kartonki, pakkaamista ja merkint\u00f6j\u00e4, materiaali, kirjasinlaji, br\u00e4ndi\" class=\"wp-image-262\" srcset=\"https:\/\/kielinivel.tnk.fi\/wp-content\/uploads\/2024\/11\/YHTEISKUNTAOPPI1-300x187.jpg 300w, https:\/\/kielinivel.tnk.fi\/wp-content\/uploads\/2024\/11\/YHTEISKUNTAOPPI1.jpg 410w\" sizes=\"auto, (max-width: 300px) 100vw, 300px\" \/><figcaption class=\"wp-element-caption\"><strong>Vaaleissa \u00e4\u00e4nest\u00e4minen on t\u00e4rke\u00e4 osa demokratian toimintaa.<\/strong><\/figcaption><\/figure>\n\n\n\n<p>Nykyp\u00e4iv\u00e4n edustukselliset demokratiat alkoivat kehitty\u00e4 1700-luvun lopussa erityisesti Ranskassa ja Yhdysvalloissa. Ranskalainen filosofi Montesquieu kehitti ajatuksen vallan jakamisesta kolmelle eri taholle. T\u00e4m\u00e4 niin sanottu&nbsp;<strong>vallan kolmijako-oppi<\/strong>&nbsp;pyrki est\u00e4m\u00e4\u00e4n itsevaltaisten j\u00e4rjestelmien kehittymisen demokratioiden tilalle. Vallan kolmijako-oppi on periaate, joka on toiminut hyvin demokraattisissa maissa.&nbsp;<a href=\"https:\/\/kielinivel.tnk.fi\/?page_id=383\" data-type=\"page\" data-id=\"241\"><img loading=\"lazy\" decoding=\"async\" width=\"90\" height=\"20\" class=\"wp-image-409\" style=\"\" src=\"https:\/\/kielinivel.tnk.fi\/wp-content\/uploads\/2024\/11\/LUE-OHJE-75pix.png\" alt=\"\"><\/a> <\/p>\n\n\n\n<figure class=\"wp-block-image alignright size-medium is-resized\"><img loading=\"lazy\" decoding=\"async\" width=\"252\" height=\"300\" src=\"https:\/\/kielinivel.tnk.fi\/wp-content\/uploads\/2024\/11\/YHTEISKUNTAOPPI2-252x300.jpg\" alt=\"Kuva, joka sis\u00e4lt\u00e4\u00e4 kohteen Klassillinen veistos, Ihmisen kasvot, monumentti, veistos\n\nKuvaus luotu automaattisesti\" class=\"wp-image-263\" style=\"width:275px\" srcset=\"https:\/\/kielinivel.tnk.fi\/wp-content\/uploads\/2024\/11\/YHTEISKUNTAOPPI2-252x300.jpg 252w, https:\/\/kielinivel.tnk.fi\/wp-content\/uploads\/2024\/11\/YHTEISKUNTAOPPI2.jpg 550w\" sizes=\"auto, (max-width: 252px) 100vw, 252px\" \/><figcaption class=\"wp-element-caption\"><strong>Ranskalainen filosofi Montesquieu<\/strong><\/figcaption><\/figure>\n\n\n\n<p>Suomenkin poliittinen j\u00e4rjestelm\u00e4 on rakennettu vallan kolmijaon pohjalle. Suomen eduskunta k\u00e4ytt\u00e4\u00e4&nbsp;<strong>lains\u00e4\u00e4d\u00e4nt\u00f6valtaa<\/strong>&nbsp;eli se tekee Suomen lait. Eduskunnan 200 kansanedustajaa on valittu kansalaisten toimesta joka nelj\u00e4s vuosi j\u00e4rjestett\u00e4viss\u00e4 eduskuntavaaleissa.<\/p>\n\n\n\n<p>Lait toimeenpanee Suomessa maan hallitus.&nbsp;<strong>Toimeenpanovalta<\/strong>&nbsp;ei siis kuulu lait tehneelle eduskunnalle, sen sijaan lakien toteutumisesta vastaa p\u00e4\u00e4ministeri ja h\u00e4nen hallituksensa ministerit.<\/p>\n\n\n\n<p>Lakeja tulkitsee kolmas taho eli oikeuslaitos. Oikeuslaitos k\u00e4ytt\u00e4\u00e4 siis&nbsp;<strong>tuomiovaltaa<\/strong>&nbsp;p\u00e4\u00e4tt\u00e4ess\u00e4\u00e4n lakien pohjalta rikollisten tuomitsemisesta ja rangaistuksista. Poliitikot eiv\u00e4t saa vaikuttaa oikeuslaitoksen toimintaan vaan tuomarit toimivat itsen\u00e4isesti oikeudenk\u00e4ynneiss\u00e4.<\/p>\n\n\n\n<p><strong>Kuval\u00e4hteet (luvallisia):<\/strong><\/p>\n\n\n\n<p class=\"has-small-font-size\"><a href=\"https:\/\/pxhere.com\/fi\/photo\/1444335?utm_content=shareClip&amp;utm_medium=referral&amp;utm_source=pxhere\">https:\/\/pxhere.com\/fi\/photo\/1444335?utm_content=shareClip&amp;utm_medium=referral&amp;utm_source=pxhere<\/a><\/p>\n\n\n\n<p class=\"has-small-font-size\"><a href=\"https:\/\/commons.wikimedia.org\/wiki\/File:Charles_de_Secondat,_Baron_de_Montesquieu_%281689%E2%80%931755%29_MET_DP156480.jpg\">https:\/\/commons.wikimedia.org\/wiki\/File:Charles_de_Secondat,_Baron_de_Montesquieu_%281689%E2%80%931755%29_MET_DP156480.jpg<\/a><\/p>\n\n\n\n<hr class=\"wp-block-separator has-alpha-channel-opacity is-style-wide\"\/>\n\n\n\n<div class=\"wp-block-buttons is-content-justification-center is-layout-flex wp-container-core-buttons-is-layout-a89b3969 wp-block-buttons-is-layout-flex\">\n<div class=\"wp-block-button is-style-fill\"><a class=\"wp-block-button__link has-background wp-element-button\" href=\"https:\/\/kielinivel.tnk.fi\/?page_id=392\" style=\"background-color:#007a4d\"><strong>TEHT\u00c4VI\u00c4<\/strong><\/a><\/div>\n\n\n\n<div class=\"wp-block-button\"><a class=\"wp-block-button__link has-background wp-element-button\" href=\"https:\/\/kielinivel.tnk.fi\/?page_id=395\" style=\"background-color:#007a4d\"><strong>KOTONA<\/strong><\/a><\/div>\n\n\n\n<div class=\"wp-block-button\"><a class=\"wp-block-button__link has-background wp-element-button\" href=\"https:\/\/kielinivel.tnk.fi\/?page_id=398\" style=\"background-color:#007a4d\"><strong>KOKEISIIN<\/strong><\/a><\/div>\n<\/div>\n\n\n\n<figure class=\"wp-block-audio\"><audio controls src=\"https:\/\/kielinivel.tnk.fi\/wp-content\/uploads\/2025\/01\/Yhteiskuntaoppi_Arabia_loppu.mp3\"><\/audio><\/figure>\n\n\n\n<hr class=\"wp-block-separator has-alpha-channel-opacity is-style-wide\"\/>\n\n\n\n<p><\/p>\n\n\n\n<p><a href=\"https:\/\/kielinivel.tnk.fi\/?page_id=95\">albania<\/a>&nbsp;\u23aa&nbsp;<a href=\"https:\/\/kielinivel.tnk.fi\/?page_id=93\">arabia<\/a>&nbsp;\u23aa<a href=\"https:\/\/kielinivel.tnk.fi\/?page_id=99\">englanti<\/a>\u23aa<a href=\"https:\/\/kielinivel.tnk.fi\/?page_id=91\">kurdi<\/a>\u23aa<a href=\"https:\/\/kielinivel.tnk.fi\/?page_id=89\">persia<\/a>\u23aa<a href=\"https:\/\/kielinivel.tnk.fi\/?page_id=85\">suomi<\/a>&nbsp;\u23aa<a href=\"https:\/\/kielinivel.tnk.fi\/?page_id=97\">ven\u00e4j\u00e4<\/a><\/p>\n\n\n\n<p><\/p>\n","protected":false},"excerpt":{"rendered":"<p>YHTEISKUNTAOPPI Demokratia antaa kansalaisille mahdollisuuden vaikuttaa Suomi on demokraattinen maa. Suomessa kansalaiset saavat \u00e4\u00e4nest\u00e4\u00e4 vapaissa vaaleissa ja ilmaista avoimesti oman mielipiteens\u00e4. Suomalaiset eiv\u00e4t joudu pelk\u00e4\u00e4m\u00e4\u00e4n sortoa tai v\u00e4kivaltaa mielipiteidens\u00e4 takia. Toimiva demokratia on rakennettu kansalaisten aktiivisuudelle. Maailmassa on my\u00f6s maita, joissa valtaa pit\u00e4\u00e4 yksinvaltias tai pieni joukko ihmisi\u00e4. Diktatuurit ovat maita, jossa kansalaiset eiv\u00e4t pysty [&hellip;]<\/p>\n","protected":false},"author":2,"featured_media":0,"parent":83,"menu_order":0,"comment_status":"closed","ping_status":"closed","template":"","meta":{"footnotes":""},"class_list":["post-93","page","type-page","status-publish","hentry"],"_links":{"self":[{"href":"https:\/\/kielinivel.tnk.fi\/index.php?rest_route=\/wp\/v2\/pages\/93","targetHints":{"allow":["GET"]}}],"collection":[{"href":"https:\/\/kielinivel.tnk.fi\/index.php?rest_route=\/wp\/v2\/pages"}],"about":[{"href":"https:\/\/kielinivel.tnk.fi\/index.php?rest_route=\/wp\/v2\/types\/page"}],"author":[{"embeddable":true,"href":"https:\/\/kielinivel.tnk.fi\/index.php?rest_route=\/wp\/v2\/users\/2"}],"replies":[{"embeddable":true,"href":"https:\/\/kielinivel.tnk.fi\/index.php?rest_route=%2Fwp%2Fv2%2Fcomments&post=93"}],"version-history":[{"count":15,"href":"https:\/\/kielinivel.tnk.fi\/index.php?rest_route=\/wp\/v2\/pages\/93\/revisions"}],"predecessor-version":[{"id":3161,"href":"https:\/\/kielinivel.tnk.fi\/index.php?rest_route=\/wp\/v2\/pages\/93\/revisions\/3161"}],"up":[{"embeddable":true,"href":"https:\/\/kielinivel.tnk.fi\/index.php?rest_route=\/wp\/v2\/pages\/83"}],"wp:attachment":[{"href":"https:\/\/kielinivel.tnk.fi\/index.php?rest_route=%2Fwp%2Fv2%2Fmedia&parent=93"}],"curies":[{"name":"wp","href":"https:\/\/api.w.org\/{rel}","templated":true}]}}