{"id":941,"date":"2024-12-09T12:26:57","date_gmt":"2024-12-09T10:26:57","guid":{"rendered":"https:\/\/kielinivel.tnk.fi\/?page_id=941"},"modified":"2025-01-09T22:37:06","modified_gmt":"2025-01-09T20:37:06","slug":"si-ti-studiojme-mesojme-tekstet-historike-1","status":"publish","type":"page","link":"https:\/\/kielinivel.tnk.fi\/?page_id=941","title":{"rendered":"Si ti studiojm\u00eb &#8211; m\u00ebsojm\u00eb tekstet\u00a0 historike? (1)"},"content":{"rendered":"\n<figure class=\"wp-block-audio\"><audio controls src=\"https:\/\/kielinivel.tnk.fi\/wp-content\/uploads\/2025\/01\/HIstoria_Albania_1.mp3\"><\/audio><\/figure>\n\n\n\n<p>Tekstet historike shpjegohen edhe n\u00eb baz\u00eb t\u00eb <strong>ndodhive dhe t\u00eb dh\u00ebnave paraprake<\/strong>, si dhe n\u00eb baz\u00eb t\u00eb <strong>shkaqeve dhe pasojave t\u00eb ndodhura n\u00eb koh\u00eb t\u00eb caktuar<\/strong>.<\/p>\n\n\n\n<p><\/p>\n\n\n\n<div class=\"wp-block-buttons is-layout-flex wp-block-buttons-is-layout-flex\">\n<div class=\"wp-block-button\"><a class=\"wp-block-button__link wp-element-button\" href=\"https:\/\/kielinivel.tnk.fi\/?page_id=74\"><strong>\u276e\u276e&nbsp;TAKAISIN TEKSTIIN<\/strong><\/a><\/div>\n<\/div>\n\n\n\n<p><\/p>\n","protected":false},"excerpt":{"rendered":"<p>Tekstet historike shpjegohen edhe n\u00eb baz\u00eb t\u00eb ndodhive dhe t\u00eb dh\u00ebnave paraprake, si dhe n\u00eb baz\u00eb t\u00eb shkaqeve dhe pasojave t\u00eb ndodhura n\u00eb koh\u00eb t\u00eb caktuar.<\/p>\n","protected":false},"author":2,"featured_media":0,"parent":74,"menu_order":1,"comment_status":"closed","ping_status":"closed","template":"","meta":{"footnotes":""},"class_list":["post-941","page","type-page","status-publish","hentry"],"_links":{"self":[{"href":"https:\/\/kielinivel.tnk.fi\/index.php?rest_route=\/wp\/v2\/pages\/941","targetHints":{"allow":["GET"]}}],"collection":[{"href":"https:\/\/kielinivel.tnk.fi\/index.php?rest_route=\/wp\/v2\/pages"}],"about":[{"href":"https:\/\/kielinivel.tnk.fi\/index.php?rest_route=\/wp\/v2\/types\/page"}],"author":[{"embeddable":true,"href":"https:\/\/kielinivel.tnk.fi\/index.php?rest_route=\/wp\/v2\/users\/2"}],"replies":[{"embeddable":true,"href":"https:\/\/kielinivel.tnk.fi\/index.php?rest_route=%2Fwp%2Fv2%2Fcomments&post=941"}],"version-history":[{"count":4,"href":"https:\/\/kielinivel.tnk.fi\/index.php?rest_route=\/wp\/v2\/pages\/941\/revisions"}],"predecessor-version":[{"id":2666,"href":"https:\/\/kielinivel.tnk.fi\/index.php?rest_route=\/wp\/v2\/pages\/941\/revisions\/2666"}],"up":[{"embeddable":true,"href":"https:\/\/kielinivel.tnk.fi\/index.php?rest_route=\/wp\/v2\/pages\/74"}],"wp:attachment":[{"href":"https:\/\/kielinivel.tnk.fi\/index.php?rest_route=%2Fwp%2Fv2%2Fmedia&parent=941"}],"curies":[{"name":"wp","href":"https:\/\/api.w.org\/{rel}","templated":true}]}}