{"id":948,"date":"2024-12-09T12:28:49","date_gmt":"2024-12-09T10:28:49","guid":{"rendered":"https:\/\/kielinivel.tnk.fi\/?page_id=948"},"modified":"2025-01-09T22:37:33","modified_gmt":"2025-01-09T20:37:33","slug":"si-ti-studiojme-mesojme-tekstet-historike-4","status":"publish","type":"page","link":"https:\/\/kielinivel.tnk.fi\/?page_id=948","title":{"rendered":"Si ti studiojm\u00eb &#8211; m\u00ebsojm\u00eb tekstet\u00a0 historike? (4)"},"content":{"rendered":"\n<figure class=\"wp-block-audio\"><audio controls src=\"https:\/\/kielinivel.tnk.fi\/wp-content\/uploads\/2025\/01\/HIstoria_Albania_4.mp3\"><\/audio><\/figure>\n\n\n\n<p>Konceptet historike mund t\u00eb kuptohen m\u00eb mir\u00eb, kur\u00eb p\u00ebrdor <strong>forma visuale si harta t\u00eb vizatuara duke p\u00ebrshkruar, shenjuar me shigjet\u00eb dhe duke krahasuar <\/strong>periudhat e caktuara t\u00eb zhvillimeve historike:<\/p>\n\n\n\n<ol class=\"wp-block-list\">\n<li>Nga cilat \u00e7\u00ebshtje fillon tregimi historik n\u00eb periudha t\u00eb caktuara kohore? K\u00ebrko periudhat kohore dhe ndodhit\u00eb n\u00eb koh\u00eb t\u00eb caktuar si\u00e7 jan\u00eb: <br><em>s\u00eb pari, s\u00eb dyti, m\u00eb pastaj, m\u00eb par\u00eb, m\u00eb tutje, m\u00eb n\u00eb fund\u00eb etj<\/em><br> <\/li>\n\n\n\n<li><strong>Cili ishte shkaku dhe cila ishte pasoja<\/strong> e ndodhive historike?<br><em>dhe m\u00eb pastaj, k\u00ebshtu q\u00eb, si pasoj\u00eb e gjith k\u00ebsaj\u00eb; ishte shkaku , q\u00eb p\u00ebrcolli, ndodhi etj.<\/em><br> <br>Nj\u00eb ndryshim i vog\u00ebl i fjal\u00ebs s\u00eb shkruar, mund t\u00eb ndryshoj\u00eb kuptimin e fjalis\u00eb brenda tem\u00ebs m\u00ebsimore, si psh.<br><em>Lufta ndodhi si pasoj\u00eb e mungesave t\u00eb gj\u00ebrave t\u00eb ndryshme.<\/em><br><em>Lufta shkaktoi munges\u00ebn e gj\u00ebrave elementare ushqimore etj.<\/em><br> <\/li>\n\n\n\n<li>Si i <strong>krahasojm\u00eb \u00e7\u00ebshtjet?<\/strong><br> <\/li>\n\n\n\n<li>Si dhe <strong>n\u00eb \u00e7far\u00eb m\u00ebnyre i formulojm\u00eb ato<\/strong>?<br><em>sepse, mu p\u00ebr shkak se etj.<\/em><br> <\/li>\n<\/ol>\n\n\n\n<p><\/p>\n\n\n\n<div class=\"wp-block-buttons is-layout-flex wp-block-buttons-is-layout-flex\">\n<div class=\"wp-block-button\"><a class=\"wp-block-button__link wp-element-button\" href=\"https:\/\/kielinivel.tnk.fi\/?page_id=74\"><strong>\u276e\u276e&nbsp;TAKAISIN TEKSTIIN<\/strong><\/a><\/div>\n<\/div>\n\n\n\n<p><\/p>\n","protected":false},"excerpt":{"rendered":"<p>Konceptet historike mund t\u00eb kuptohen m\u00eb mir\u00eb, kur\u00eb p\u00ebrdor forma visuale si harta t\u00eb vizatuara duke p\u00ebrshkruar, shenjuar me shigjet\u00eb dhe duke krahasuar periudhat e caktuara t\u00eb zhvillimeve historike:<\/p>\n","protected":false},"author":2,"featured_media":0,"parent":74,"menu_order":4,"comment_status":"closed","ping_status":"closed","template":"","meta":{"footnotes":""},"class_list":["post-948","page","type-page","status-publish","hentry"],"_links":{"self":[{"href":"https:\/\/kielinivel.tnk.fi\/index.php?rest_route=\/wp\/v2\/pages\/948","targetHints":{"allow":["GET"]}}],"collection":[{"href":"https:\/\/kielinivel.tnk.fi\/index.php?rest_route=\/wp\/v2\/pages"}],"about":[{"href":"https:\/\/kielinivel.tnk.fi\/index.php?rest_route=\/wp\/v2\/types\/page"}],"author":[{"embeddable":true,"href":"https:\/\/kielinivel.tnk.fi\/index.php?rest_route=\/wp\/v2\/users\/2"}],"replies":[{"embeddable":true,"href":"https:\/\/kielinivel.tnk.fi\/index.php?rest_route=%2Fwp%2Fv2%2Fcomments&post=948"}],"version-history":[{"count":4,"href":"https:\/\/kielinivel.tnk.fi\/index.php?rest_route=\/wp\/v2\/pages\/948\/revisions"}],"predecessor-version":[{"id":2674,"href":"https:\/\/kielinivel.tnk.fi\/index.php?rest_route=\/wp\/v2\/pages\/948\/revisions\/2674"}],"up":[{"embeddable":true,"href":"https:\/\/kielinivel.tnk.fi\/index.php?rest_route=\/wp\/v2\/pages\/74"}],"wp:attachment":[{"href":"https:\/\/kielinivel.tnk.fi\/index.php?rest_route=%2Fwp%2Fv2%2Fmedia&parent=948"}],"curies":[{"name":"wp","href":"https:\/\/api.w.org\/{rel}","templated":true}]}}

Si ti studiojmë &#8211; mësojmë tekstet  historike? (4)

<figure class="wp-block-audio"><audio controls src="https://kielinivel.tnk.fi/wp-content/uploads/2025/01/HIstoria_Albania_4.mp3"></audio></figure>



<p>Konceptet historike mund të kuptohen më mirë, kurë përdor <strong>forma visuale si harta të vizatuara duke përshkruar, shenjuar me shigjetë dhe duke krahasuar </strong>periudhat e caktuara të zhvillimeve historike:</p>



<ol class="wp-block-list">
<li>Nga cilat çështje fillon tregimi historik në periudha të caktuara kohore? Kërko periudhat kohore dhe ndodhitë në kohë të caktuar siç janë: <br><em>së pari, së dyti, më pastaj, më parë, më tutje, më në fundë etj</em><br> </li>



<li><strong>Cili ishte shkaku dhe cila ishte pasoja</strong> e ndodhive historike?<br><em>dhe më pastaj, kështu që, si pasojë e gjith kësajë; ishte shkaku , që përcolli, ndodhi etj.</em><br> <br>Një ndryshim i vogël i fjalës së shkruar, mund të ndryshojë kuptimin e fjalisë brenda temës mësimore, si psh.<br><em>Lufta ndodhi si pasojë e mungesave të gjërave të ndryshme.</em><br><em>Lufta shkaktoi mungesën e gjërave elementare ushqimore etj.</em><br> </li>



<li>Si i <strong>krahasojmë çështjet?</strong><br> </li>



<li>Si dhe <strong>në çfarë mënyre i formulojmë ato</strong>?<br><em>sepse, mu për shkak se etj.</em><br> </li>
</ol>



<p></p>



<div class="wp-block-buttons is-layout-flex wp-block-buttons-is-layout-flex">
<div class="wp-block-button"><a class="wp-block-button__link wp-element-button" href="https://kielinivel.tnk.fi/?page_id=74"><strong>❮❮&nbsp;TAKAISIN TEKSTIIN</strong></a></div>
</div>



<p></p>

<p>Konceptet historike mund të kuptohen më mirë, kurë përdor forma visuale si harta të vizatuara duke përshkruar, shenjuar me shigjetë dhe duke krahasuar periudhat e caktuara të zhvillimeve historike:</p>
