{"id":954,"date":"2024-12-09T12:31:55","date_gmt":"2024-12-09T10:31:55","guid":{"rendered":"https:\/\/kielinivel.tnk.fi\/?page_id=954"},"modified":"2024-12-27T15:56:52","modified_gmt":"2024-12-27T13:56:52","slug":"detyrat","status":"publish","type":"page","link":"https:\/\/kielinivel.tnk.fi\/?page_id=954","title":{"rendered":"Detyrat"},"content":{"rendered":"\n<ol class=\"wp-block-list\">\n<li><strong>Cilat dukuri p\u00ebrs\u00ebriten n\u00eb nj\u00ebsin\u00eb m\u00ebsimore<\/strong> ?<\/li>\n\n\n\n<li>Cilat jan\u00eb \u00e7\u00ebshtjet kryesore dhe si i gjete ato?<\/li>\n\n\n\n<li>Njoftohu me konceptin, se si industrializimi ndryshon jet\u00ebn e njer\u00ebzve dhe hartoni nj\u00eb diagram q\u00eb paraqet shkaqet dhe pasojat e industrializimit . Cilat pasoja ishin pozitive dhe cilat ishin negative p\u00ebr njer\u00ebzit e zakonsh\u00ebm.<\/li>\n\n\n\n<li>Cilat jan\u00eb t\u00eb dh\u00ebnat shtes\u00eb n\u00eb tabel\u00ebn num\u00ebr 1?<\/li>\n\n\n\n<li>Si nd\u00ebrlidhen fotot-vizatimet e tekstit me revolucionin industrial?<\/li>\n\n\n\n<li>&nbsp;N\u00eb \u00e7far\u00eb p\u00ebrfundimi mund\u00eb t\u00eb vini, n\u00eb baz\u00eb t\u00eb tabeles dhe vizatimeve p\u00ebr t\u00eb ndodhur industrializmi.<\/li>\n<\/ol>\n\n\n\n<p><\/p>\n\n\n\n<div class=\"wp-block-buttons is-layout-flex wp-block-buttons-is-layout-flex\">\n<div class=\"wp-block-button\"><a class=\"wp-block-button__link wp-element-button\" href=\"https:\/\/kielinivel.tnk.fi\/?page_id=74\"><strong>\u276e\u276e&nbsp;TAKAISIN TEKSTIIN<\/strong><\/a><\/div>\n<\/div>\n\n\n\n<p><\/p>\n","protected":false},"excerpt":{"rendered":"","protected":false},"author":2,"featured_media":0,"parent":74,"menu_order":11,"comment_status":"closed","ping_status":"closed","template":"","meta":{"footnotes":""},"class_list":["post-954","page","type-page","status-publish","hentry"],"_links":{"self":[{"href":"https:\/\/kielinivel.tnk.fi\/index.php?rest_route=\/wp\/v2\/pages\/954","targetHints":{"allow":["GET"]}}],"collection":[{"href":"https:\/\/kielinivel.tnk.fi\/index.php?rest_route=\/wp\/v2\/pages"}],"about":[{"href":"https:\/\/kielinivel.tnk.fi\/index.php?rest_route=\/wp\/v2\/types\/page"}],"author":[{"embeddable":true,"href":"https:\/\/kielinivel.tnk.fi\/index.php?rest_route=\/wp\/v2\/users\/2"}],"replies":[{"embeddable":true,"href":"https:\/\/kielinivel.tnk.fi\/index.php?rest_route=%2Fwp%2Fv2%2Fcomments&post=954"}],"version-history":[{"count":2,"href":"https:\/\/kielinivel.tnk.fi\/index.php?rest_route=\/wp\/v2\/pages\/954\/revisions"}],"predecessor-version":[{"id":971,"href":"https:\/\/kielinivel.tnk.fi\/index.php?rest_route=\/wp\/v2\/pages\/954\/revisions\/971"}],"up":[{"embeddable":true,"href":"https:\/\/kielinivel.tnk.fi\/index.php?rest_route=\/wp\/v2\/pages\/74"}],"wp:attachment":[{"href":"https:\/\/kielinivel.tnk.fi\/index.php?rest_route=%2Fwp%2Fv2%2Fmedia&parent=954"}],"curies":[{"name":"wp","href":"https:\/\/api.w.org\/{rel}","templated":true}]}}