{"id":986,"date":"2024-12-09T13:42:59","date_gmt":"2024-12-09T11:42:59","guid":{"rendered":"https:\/\/kielinivel.tnk.fi\/?page_id=986"},"modified":"2025-01-19T13:21:19","modified_gmt":"2025-01-19T11:21:19","slug":"si-ti-mesojme-njesite-mesimore-nga-lenda-e-kimise-5","status":"publish","type":"page","link":"https:\/\/kielinivel.tnk.fi\/?page_id=986","title":{"rendered":"Si ti m\u00ebsojm\u00eb nj\u00ebsit\u00eb m\u00ebsimore nga l\u00ebnda e kimis\u00eb? &#8211; 5"},"content":{"rendered":"\n<figure class=\"wp-block-audio\"><audio controls src=\"https:\/\/kielinivel.tnk.fi\/wp-content\/uploads\/2025\/01\/Kemia_Albania_5.mp3\"><\/audio><\/figure>\n\n\n\n<p>Gjat\u00eb t\u00eb m\u00ebsuarit t\u00eb l\u00ebnd\u00ebs s\u00eb kimis\u00eb nx\u00ebn\u00ebsi duhet t\u00eb p\u00ebrq\u00ebndrohet n\u00eb ndryshimet q\u00eb ndodhin p\u00ebrreth tij\u00eb n\u00eb natyr\u00eb, dhe t\u00eb interesohet, se nga vin\u00eb kto reaksione apo ndryshime. P\u00ebr k\u00ebt shkak\u00eb brenda nj\u00ebsis\u00eb m\u00ebsimore k\u00ebrkohet t\u00eb b\u00ebhen k\u00ebrkime dhe t\u00eb ngriten n\u00eb pah\u00eb ato dukuri. M\u00ebsimi fillon\u00eb gjithmon\u00eb duke marr\u00eb shembull ndonj\u00eb dukuri q\u00eb nd\u00ebrlidhet me nj\u00ebsin\u00eb m\u00ebsimore. Nx\u00ebn\u00ebsi mund t\u00eb p\u00ebrq\u00ebndrohet edhe n\u00eb fotografit e nj\u00ebsis\u00eb m\u00ebsimore.<\/p>\n\n\n\n<p><\/p>\n\n\n\n<p><\/p>\n\n\n\n<div class=\"wp-block-buttons is-layout-flex wp-block-buttons-is-layout-flex\">\n<div class=\"wp-block-button\"><a class=\"wp-block-button__link wp-element-button\" href=\"https:\/\/kielinivel.tnk.fi\/?page_id=114\"><strong>\u276e\u276e&nbsp;TAKAISIN TEKSTIIN<\/strong><\/a><\/div>\n<\/div>\n\n\n\n<p><\/p>\n","protected":false},"excerpt":{"rendered":"<p>Gjat\u00eb t\u00eb m\u00ebsuarit t\u00eb l\u00ebnd\u00ebs s\u00eb kimis\u00eb nx\u00ebn\u00ebsi duhet t\u00eb p\u00ebrq\u00ebndrohet n\u00eb ndryshimet q\u00eb ndodhin p\u00ebrreth tij\u00eb n\u00eb natyr\u00eb, dhe t\u00eb interesohet, se nga vin\u00eb kto reaksione apo ndryshime. P\u00ebr k\u00ebt shkak\u00eb brenda nj\u00ebsis\u00eb m\u00ebsimore k\u00ebrkohet t\u00eb b\u00ebhen k\u00ebrkime dhe t\u00eb ngriten n\u00eb pah\u00eb ato dukuri. M\u00ebsimi fillon\u00eb gjithmon\u00eb duke marr\u00eb shembull ndonj\u00eb dukuri q\u00eb [&hellip;]<\/p>\n","protected":false},"author":2,"featured_media":0,"parent":114,"menu_order":5,"comment_status":"closed","ping_status":"closed","template":"","meta":{"footnotes":""},"class_list":["post-986","page","type-page","status-publish","hentry"],"_links":{"self":[{"href":"https:\/\/kielinivel.tnk.fi\/index.php?rest_route=\/wp\/v2\/pages\/986","targetHints":{"allow":["GET"]}}],"collection":[{"href":"https:\/\/kielinivel.tnk.fi\/index.php?rest_route=\/wp\/v2\/pages"}],"about":[{"href":"https:\/\/kielinivel.tnk.fi\/index.php?rest_route=\/wp\/v2\/types\/page"}],"author":[{"embeddable":true,"href":"https:\/\/kielinivel.tnk.fi\/index.php?rest_route=\/wp\/v2\/users\/2"}],"replies":[{"embeddable":true,"href":"https:\/\/kielinivel.tnk.fi\/index.php?rest_route=%2Fwp%2Fv2%2Fcomments&post=986"}],"version-history":[{"count":5,"href":"https:\/\/kielinivel.tnk.fi\/index.php?rest_route=\/wp\/v2\/pages\/986\/revisions"}],"predecessor-version":[{"id":3632,"href":"https:\/\/kielinivel.tnk.fi\/index.php?rest_route=\/wp\/v2\/pages\/986\/revisions\/3632"}],"up":[{"embeddable":true,"href":"https:\/\/kielinivel.tnk.fi\/index.php?rest_route=\/wp\/v2\/pages\/114"}],"wp:attachment":[{"href":"https:\/\/kielinivel.tnk.fi\/index.php?rest_route=%2Fwp%2Fv2%2Fmedia&parent=986"}],"curies":[{"name":"wp","href":"https:\/\/api.w.org\/{rel}","templated":true}]}}

Si ti mësojmë njësitë mësimore nga lënda e kimisë? &#8211; 5

<figure class="wp-block-audio"><audio controls src="https://kielinivel.tnk.fi/wp-content/uploads/2025/01/Kemia_Albania_5.mp3"></audio></figure>



<p>Gjatë të mësuarit të lëndës së kimisë nxënësi duhet të përqëndrohet në ndryshimet që ndodhin përreth tijë në natyrë, dhe të interesohet, se nga vinë kto reaksione apo ndryshime. Për kët shkakë brenda njësisë mësimore kërkohet të bëhen kërkime dhe të ngriten në pahë ato dukuri. Mësimi fillonë gjithmonë duke marrë shembull ndonjë dukuri që ndërlidhet me njësinë mësimore. Nxënësi mund të përqëndrohet edhe në fotografit e njësisë mësimore.</p>



<p></p>



<p></p>



<div class="wp-block-buttons is-layout-flex wp-block-buttons-is-layout-flex">
<div class="wp-block-button"><a class="wp-block-button__link wp-element-button" href="https://kielinivel.tnk.fi/?page_id=114"><strong>❮❮&nbsp;TAKAISIN TEKSTIIN</strong></a></div>
</div>



<p></p>

<p>Gjatë të mësuarit të lëndës së kimisë nxënësi duhet të përqëndrohet në ndryshimet që ndodhin përreth tijë në natyrë, dhe të interesohet, se nga vinë kto reaksione apo ndryshime. Për kët shkakë brenda njësisë mësimore kërkohet të bëhen kërkime dhe të ngriten në pahë ato dukuri. Mësimi fillonë gjithmonë duke marrë shembull ndonjë dukuri që [&hellip;]</p>
